CRAN Package Check Results for Package tfse

Last updated on 2022-05-28 05:53:21 CEST.

Flavor Version Tinstall Tcheck Ttotal Status Flags
r-devel-linux-x86_64-debian-clang 0.5.0 3.79 40.51 44.30 NOTE
r-devel-linux-x86_64-debian-gcc 0.5.0 2.96 31.38 34.34 NOTE
r-devel-linux-x86_64-fedora-clang 0.5.0 54.21 NOTE
r-devel-linux-x86_64-fedora-gcc 0.5.0 52.49 NOTE
r-devel-windows-x86_64 0.5.0 43.00 66.00 109.00 NOTE
r-patched-linux-x86_64 0.5.0 3.44 39.72 43.16 NOTE
r-release-linux-x86_64 0.5.0 4.01 39.51 43.52 NOTE
r-release-macos-arm64 0.5.0 22.00 NOTE
r-release-macos-x86_64 0.5.0 32.00 NOTE
r-release-windows-x86_64 0.5.0 45.00 58.00 103.00 NOTE
r-oldrel-macos-arm64 0.5.0 27.00 NOTE
r-oldrel-macos-x86_64 0.5.0 60.00 NOTE
r-oldrel-windows-ix86+x86_64 0.5.0 8.00 56.00 64.00 NOTE

Check Details

Version: 0.5.0
Check: LazyData
Result: NOTE
     'LazyData' is specified without a 'data' directory
Flavors: r-devel-linux-x86_64-debian-clang, r-devel-linux-x86_64-debian-gcc, r-devel-linux-x86_64-fedora-clang, r-devel-linux-x86_64-fedora-gcc, r-devel-windows-x86_64, r-patched-linux-x86_64, r-release-linux-x86_64, r-release-macos-arm64, r-release-macos-x86_64, r-release-windows-x86_64, r-oldrel-macos-arm64, r-oldrel-macos-x86_64, r-oldrel-windows-ix86+x86_64