Last updated on 2022-05-22 15:53:33 CEST.
Flavor | Version | Tinstall | Tcheck | Ttotal | Status | Flags |
---|---|---|---|---|---|---|
r-devel-linux-x86_64-debian-clang | 0.1.2.1 | 5.40 | 67.02 | 72.42 | OK | |
r-devel-linux-x86_64-debian-gcc | 0.1.2.1 | 3.99 | 50.36 | 54.35 | OK | |
r-devel-linux-x86_64-fedora-clang | 0.1.2.1 | 83.67 | OK | |||
r-devel-linux-x86_64-fedora-gcc | 0.1.2.1 | 85.82 | OK | |||
r-devel-windows-x86_64 | 0.1.2.1 | 162.00 | 88.00 | 250.00 | OK | |
r-patched-linux-x86_64 | 0.1.2.1 | 4.38 | 64.29 | 68.67 | OK | |
r-release-linux-x86_64 | 0.1.2.1 | 5.11 | 63.60 | 68.71 | OK | |
r-release-macos-arm64 | 0.1.2.1 | 33.00 | OK | |||
r-release-macos-x86_64 | 0.1.2.1 | 56.00 | OK | |||
r-release-windows-x86_64 | 0.1.2.1 | 139.00 | 89.00 | 228.00 | OK | |
r-oldrel-macos-arm64 | 0.1.2.1 | 31.00 | NOTE | |||
r-oldrel-macos-x86_64 | 0.1.2.1 | 42.00 | OK | |||
r-oldrel-windows-ix86+x86_64 | 0.1.2.1 | 12.00 | 80.00 | 92.00 | OK |
Version: 0.1.2.1
Check: package dependencies
Result: NOTE
Packages suggested but not available for checking: 'sysfonts', 'showtext'
Flavor: r-oldrel-macos-arm64