Last updated on 2022-05-25 03:54:46 CEST.
Flavor | Version | Tinstall | Tcheck | Ttotal | Status | Flags |
---|---|---|---|---|---|---|
r-devel-linux-x86_64-debian-clang | 0.2.2 | 8.91 | 81.39 | 90.30 | NOTE | |
r-devel-linux-x86_64-debian-gcc | 0.2.2 | 6.84 | 61.16 | 68.00 | NOTE | |
r-devel-linux-x86_64-fedora-clang | 0.2.2 | 104.03 | NOTE | |||
r-devel-linux-x86_64-fedora-gcc | 0.2.2 | 94.31 | NOTE | |||
r-devel-windows-x86_64 | 0.2.2 | 38.00 | 99.00 | 137.00 | NOTE | |
r-patched-linux-x86_64 | 0.2.2 | 7.84 | 76.35 | 84.19 | NOTE | |
r-release-linux-x86_64 | 0.2.2 | NOTE | ||||
r-release-macos-arm64 | 0.2.2 | 31.00 | NOTE | |||
r-release-macos-x86_64 | 0.2.2 | 53.00 | NOTE | |||
r-release-windows-x86_64 | 0.2.2 | 73.00 | 99.00 | 172.00 | NOTE | |
r-oldrel-macos-arm64 | 0.2.2 | 35.00 | NOTE | |||
r-oldrel-macos-x86_64 | 0.2.2 | 56.00 | NOTE | |||
r-oldrel-windows-ix86+x86_64 | 0.2.2 | 20.00 | 91.00 | 111.00 | NOTE |
Version: 0.2.2
Check: LazyData
Result: NOTE
'LazyData' is specified without a 'data' directory
Flavors: r-devel-linux-x86_64-debian-clang, r-devel-linux-x86_64-debian-gcc, r-devel-linux-x86_64-fedora-clang, r-devel-linux-x86_64-fedora-gcc, r-devel-windows-x86_64, r-patched-linux-x86_64, r-release-linux-x86_64, r-release-macos-arm64, r-release-macos-x86_64, r-release-windows-x86_64, r-oldrel-macos-arm64, r-oldrel-macos-x86_64, r-oldrel-windows-ix86+x86_64