CRAN Package Check Results for Package tidyLPA

Last updated on 2024-05-26 10:56:27 CEST.

Flavor Version Tinstall Tcheck Ttotal Status Flags
r-devel-linux-x86_64-debian-clang 1.1.0 11.72 194.78 206.50 NOTE
r-devel-linux-x86_64-debian-gcc 1.1.0 8.76 107.68 116.44 NOTE
r-devel-linux-x86_64-fedora-clang 1.1.0 220.10 NOTE
r-devel-linux-x86_64-fedora-gcc 1.1.0 206.07 NOTE
r-devel-windows-x86_64 1.1.0 11.00 143.00 154.00 NOTE
r-patched-linux-x86_64 1.1.0 10.34 142.81 153.15 NOTE
r-release-linux-x86_64 1.1.0 11.31 142.35 153.66 NOTE
r-release-macos-arm64 1.1.0 64.00 NOTE
r-release-windows-x86_64 1.1.0 12.00 145.00 157.00 NOTE
r-oldrel-macos-arm64 1.1.0 67.00 NOTE
r-oldrel-macos-x86_64 1.1.0 106.00 NOTE
r-oldrel-windows-x86_64 1.1.0 14.00 164.00 178.00 NOTE

Check Details

Version: 1.1.0
Check: package subdirectories
Result: NOTE Problems with news in ‘NEWS.md’: Cannot extract version info from the following section titles: Minor changes: Flavors: r-devel-linux-x86_64-debian-clang, r-devel-linux-x86_64-debian-gcc, r-devel-linux-x86_64-fedora-clang, r-devel-linux-x86_64-fedora-gcc, r-devel-windows-x86_64, r-patched-linux-x86_64, r-release-linux-x86_64, r-release-macos-arm64, r-release-windows-x86_64, r-oldrel-macos-arm64, r-oldrel-macos-x86_64, r-oldrel-windows-x86_64

Version: 1.1.0
Check: Rd files
Result: NOTE checkRd: (-1) single_imputation.Rd:21-22: Lost braces in \itemize; meant \describe ? checkRd: (-1) single_imputation.Rd:23-27: Lost braces in \itemize; meant \describe ? Flavors: r-devel-linux-x86_64-debian-clang, r-devel-linux-x86_64-debian-gcc, r-devel-linux-x86_64-fedora-clang, r-devel-linux-x86_64-fedora-gcc, r-devel-windows-x86_64, r-patched-linux-x86_64, r-release-linux-x86_64, r-release-macos-arm64, r-release-windows-x86_64

Version: 1.1.0
Check: dependencies in R code
Result: NOTE Namespace in Imports field not imported from: ‘mix’ All declared Imports should be used. Flavors: r-devel-linux-x86_64-fedora-clang, r-devel-linux-x86_64-fedora-gcc

Version: 1.1.0
Check: package dependencies
Result: NOTE Package suggested but not available for checking: ‘lme4’ Flavor: r-oldrel-macos-x86_64