Last updated on 2022-05-23 00:51:10 CEST.
Flavor | Version | Tinstall | Tcheck | Ttotal | Status | Flags |
---|---|---|---|---|---|---|
r-devel-linux-x86_64-debian-clang | 1.1.0 | 10.91 | 159.65 | 170.56 | OK | |
r-devel-linux-x86_64-debian-gcc | 1.1.0 | 8.39 | 115.43 | 123.82 | OK | |
r-devel-linux-x86_64-fedora-clang | 1.1.0 | 205.44 | NOTE | |||
r-devel-linux-x86_64-fedora-gcc | 1.1.0 | 186.78 | NOTE | |||
r-devel-windows-x86_64 | 1.1.0 | 40.00 | 182.00 | 222.00 | OK | |
r-patched-linux-x86_64 | 1.1.0 | 10.12 | 148.92 | 159.04 | OK | |
r-release-linux-x86_64 | 1.1.0 | 9.76 | 148.52 | 158.28 | OK | |
r-release-macos-arm64 | 1.1.0 | 54.00 | NOTE | |||
r-release-macos-x86_64 | 1.1.0 | 105.00 | NOTE | |||
r-release-windows-x86_64 | 1.1.0 | 61.00 | 188.00 | 249.00 | OK | |
r-oldrel-macos-arm64 | 1.1.0 | 67.00 | NOTE | |||
r-oldrel-macos-x86_64 | 1.1.0 | 73.00 | NOTE | |||
r-oldrel-windows-ix86+x86_64 | 1.1.0 | 29.00 | 196.00 | 225.00 | OK |
Version: 1.1.0
Check: dependencies in R code
Result: NOTE
Namespace in Imports field not imported from: ‘mix’
All declared Imports should be used.
Flavors: r-devel-linux-x86_64-fedora-clang, r-devel-linux-x86_64-fedora-gcc, r-release-macos-arm64, r-release-macos-x86_64, r-oldrel-macos-arm64, r-oldrel-macos-x86_64