Last updated on 2022-05-19 16:50:04 CEST.
Flavor | Version | Tinstall | Tcheck | Ttotal | Status | Flags |
---|---|---|---|---|---|---|
r-devel-linux-x86_64-debian-clang | 0.2.3 | 37.90 | 484.03 | 521.93 | OK | |
r-devel-linux-x86_64-debian-gcc | 0.2.3 | 32.63 | 321.76 | 354.39 | OK | |
r-devel-linux-x86_64-fedora-clang | 0.2.3 | 585.59 | OK | |||
r-devel-linux-x86_64-fedora-gcc | 0.2.3 | 577.55 | OK | |||
r-devel-windows-x86_64 | 0.2.3 | 108.00 | 457.00 | 565.00 | OK | |
r-patched-linux-x86_64 | 0.2.3 | 41.63 | 416.55 | 458.18 | OK | |
r-release-linux-x86_64 | 0.2.3 | 0.61 | 11.01 | 11.62 | ERROR | |
r-release-macos-arm64 | 0.2.3 | 188.00 | OK | |||
r-release-macos-x86_64 | 0.2.3 | 236.00 | OK | |||
r-release-windows-x86_64 | 0.2.3 | 127.00 | 448.00 | 575.00 | OK | |
r-oldrel-macos-arm64 | 0.2.3 | 118.00 | OK | |||
r-oldrel-macos-x86_64 | 0.2.3 | 226.00 | OK | |||
r-oldrel-windows-ix86+x86_64 | 0.2.3 | 77.00 | 482.00 | 559.00 | OK |
Version: 0.2.3
Check: package dependencies
Result: ERROR
Package required but not available: ‘blavaan’
See section ‘The DESCRIPTION file’ in the ‘Writing R Extensions’
manual.
Flavor: r-release-linux-x86_64