CRAN Package Check Results for Package tidyft

Last updated on 2022-05-27 19:54:08 CEST.

Flavor Version Tinstall Tcheck Ttotal Status Flags
r-devel-linux-x86_64-debian-clang 0.4.5 4.85 65.37 70.22 NOTE
r-devel-linux-x86_64-debian-gcc 0.4.5 3.61 48.07 51.68 NOTE
r-devel-linux-x86_64-fedora-clang 0.4.5 80.87 NOTE
r-devel-linux-x86_64-fedora-gcc 0.4.5 67.80 NOTE
r-devel-windows-x86_64 0.4.5 28.00 85.00 113.00 NOTE
r-patched-linux-x86_64 0.4.5 5.00 60.84 65.84 NOTE
r-release-linux-x86_64 0.4.5 4.16 60.12 64.28 NOTE
r-release-macos-arm64 0.4.5 29.00 NOTE
r-release-macos-x86_64 0.4.5 39.00 NOTE
r-release-windows-x86_64 0.4.5 32.00 91.00 123.00 NOTE
r-oldrel-macos-arm64 0.4.5 41.00 NOTE
r-oldrel-macos-x86_64 0.4.5 47.00 NOTE
r-oldrel-windows-ix86+x86_64 0.4.5 11.00 80.00 91.00 NOTE

Check Details

Version: 0.4.5
Check: LazyData
Result: NOTE
     'LazyData' is specified without a 'data' directory
Flavors: r-devel-linux-x86_64-debian-clang, r-devel-linux-x86_64-debian-gcc, r-devel-linux-x86_64-fedora-clang, r-devel-linux-x86_64-fedora-gcc, r-devel-windows-x86_64, r-patched-linux-x86_64, r-release-linux-x86_64, r-release-macos-arm64, r-release-macos-x86_64, r-release-windows-x86_64, r-oldrel-macos-arm64, r-oldrel-macos-x86_64, r-oldrel-windows-ix86+x86_64

Version: 0.4.5
Check: Rd cross-references
Result: NOTE
    Undeclared packages ‘tidyfst’, ‘tidyr’, ‘fastDummies’ in Rd xrefs
Flavor: r-devel-linux-x86_64-fedora-clang