Last updated on 2022-05-21 17:51:05 CEST.
Flavor | Version | Tinstall | Tcheck | Ttotal | Status | Flags |
---|---|---|---|---|---|---|
r-devel-linux-x86_64-debian-clang | 0.9.1 | 4.76 | 62.15 | 66.91 | OK | |
r-devel-linux-x86_64-debian-gcc | 0.9.1 | 4.12 | 46.52 | 50.64 | OK | |
r-devel-linux-x86_64-fedora-clang | 0.9.1 | 80.04 | NOTE | |||
r-devel-linux-x86_64-fedora-gcc | 0.9.1 | 75.28 | NOTE | |||
r-devel-windows-x86_64 | 0.9.1 | 21.00 | 79.00 | 100.00 | OK | |
r-patched-linux-x86_64 | 0.9.1 | 4.82 | 57.99 | 62.81 | OK | |
r-release-linux-x86_64 | 0.9.1 | 4.77 | 57.00 | 61.77 | OK | |
r-release-macos-arm64 | 0.9.1 | 22.00 | NOTE | |||
r-release-macos-x86_64 | 0.9.1 | 43.00 | NOTE | |||
r-release-windows-x86_64 | 0.9.1 | 11.00 | 79.00 | 90.00 | OK | |
r-oldrel-macos-arm64 | 0.9.1 | 22.00 | NOTE | |||
r-oldrel-macos-x86_64 | 0.9.1 | 35.00 | NOTE | |||
r-oldrel-windows-ix86+x86_64 | 0.9.1 | 13.00 | 71.00 | 84.00 | OK |
Version: 0.9.1
Check: data for non-ASCII characters
Result: NOTE
Note: found 34206 marked UTF-8 strings
Flavors: r-devel-linux-x86_64-fedora-clang, r-devel-linux-x86_64-fedora-gcc, r-release-macos-arm64, r-release-macos-x86_64, r-oldrel-macos-arm64, r-oldrel-macos-x86_64