CRAN Package Check Results for Package timeR

Last updated on 2023-05-30 14:57:00 CEST.

Flavor Version Tinstall Tcheck Ttotal Status Flags
r-devel-linux-x86_64-debian-clang 1.2.0 2.02 24.81 26.83 NOTE
r-devel-linux-x86_64-debian-gcc 1.2.0 2.13 20.30 22.43 NOTE
r-devel-linux-x86_64-fedora-clang 1.2.0 36.16 NOTE
r-devel-linux-x86_64-fedora-gcc 1.2.0 45.59 NOTE
r-devel-windows-x86_64 1.2.0 4.00 48.00 52.00 NOTE
r-patched-linux-x86_64 1.2.0 2.83 24.31 27.14 NOTE
r-release-linux-x86_64 1.2.0 2.62 24.73 27.35 NOTE
r-release-macos-arm64 1.2.0 28.00 NOTE
r-release-macos-x86_64 1.2.0 36.00 NOTE
r-release-windows-x86_64 1.2.0 4.00 49.00 53.00 NOTE
r-oldrel-macos-arm64 1.2.0 23.00 NOTE
r-oldrel-macos-x86_64 1.2.0 27.00 NOTE
r-oldrel-windows-x86_64 1.2.0 5.00 52.00 57.00 NOTE

Check Details

Version: 1.2.0
Check: package subdirectories
Result: NOTE
    Problems with news in ‘NEWS.md’:
    No news entries found.
Flavors: r-devel-linux-x86_64-debian-clang, r-devel-linux-x86_64-debian-gcc, r-devel-linux-x86_64-fedora-clang, r-devel-linux-x86_64-fedora-gcc, r-devel-windows-x86_64, r-patched-linux-x86_64, r-release-linux-x86_64, r-release-macos-arm64, r-release-macos-x86_64, r-release-windows-x86_64

Version: 1.2.0
Check: LazyData
Result: NOTE
     'LazyData' is specified without a 'data' directory
Flavors: r-devel-linux-x86_64-debian-clang, r-devel-linux-x86_64-debian-gcc, r-devel-linux-x86_64-fedora-clang, r-devel-linux-x86_64-fedora-gcc, r-devel-windows-x86_64, r-patched-linux-x86_64, r-release-linux-x86_64, r-release-macos-arm64, r-release-macos-x86_64, r-release-windows-x86_64, r-oldrel-macos-arm64, r-oldrel-macos-x86_64, r-oldrel-windows-x86_64

Version: 1.2.0
Check: dependencies in R code
Result: NOTE
    Namespace in Imports field not imported from: ‘lubridate’
     All declared Imports should be used.
Flavors: r-devel-linux-x86_64-fedora-clang, r-devel-linux-x86_64-fedora-gcc, r-oldrel-macos-arm64, r-oldrel-macos-x86_64