CRAN Package Check Results for Package tinyarray

Last updated on 2024-04-21 12:54:16 CEST.

Flavor Version Tinstall Tcheck Ttotal Status Flags
r-devel-linux-x86_64-debian-clang 2.3.3 0.44 2.24 2.68 ERROR
r-devel-linux-x86_64-debian-gcc 2.3.3 29.41 275.15 304.56 NOTE
r-devel-linux-x86_64-fedora-clang 2.3.3 447.02 NOTE
r-devel-linux-x86_64-fedora-gcc 2.3.3 371.12 NOTE
r-prerel-macos-arm64 2.3.3 82.00 NOTE
r-prerel-macos-x86_64 2.3.3 141.00 OK
r-prerel-windows-x86_64 2.3.3 39.00 320.00 359.00 OK
r-patched-linux-x86_64 2.3.3 35.72 343.75 379.47 OK
r-release-linux-x86_64 2.3.3 37.17 354.37 391.54 OK
r-release-macos-arm64 2.3.3 99.00 NOTE
r-release-macos-x86_64 2.3.3 137.00 NOTE
r-release-windows-x86_64 2.3.3 51.00 402.00 453.00 OK
r-oldrel-macos-arm64 2.3.3 87.00 NOTE
r-oldrel-windows-x86_64 2.3.3 49.00 356.00 405.00 OK

Additional issues

noSuggests

Check Details

Version: 2.3.3
Check: package dependencies
Result: ERROR Package required but not available: ‘clusterProfiler’ Packages suggested but not available for checking: 'GEOquery', 'org.Hs.eg.db', 'org.Rn.eg.db', 'org.Mm.eg.db' See section ‘The DESCRIPTION file’ in the ‘Writing R Extensions’ manual. Flavor: r-devel-linux-x86_64-debian-clang

Version: 2.3.3
Check: package dependencies
Result: NOTE Package suggested but not available for checking: ‘GEOquery’ Flavor: r-devel-linux-x86_64-debian-gcc

Version: 2.3.3
Check: data for non-ASCII characters
Result: NOTE Note: found 2 marked UTF-8 strings Flavors: r-devel-linux-x86_64-fedora-clang, r-devel-linux-x86_64-fedora-gcc

Version: 2.3.3
Check: package dependencies
Result: NOTE Packages suggested but not available for checking: 'org.Rn.eg.db', 'org.Mm.eg.db' Flavors: r-prerel-macos-arm64, r-release-macos-x86_64

Version: 2.3.3
Check: package dependencies
Result: NOTE Package suggested but not available for checking: ‘org.Rn.eg.db’ Flavors: r-release-macos-arm64, r-oldrel-macos-arm64