CRAN Package Check Results for Package tinyarray

Last updated on 2022-01-26 23:50:35 CET.

Flavor Version Tinstall Tcheck Ttotal Status Flags
r-devel-linux-x86_64-debian-clang 2.2.7 38.45 338.06 376.51 OK
r-devel-linux-x86_64-debian-gcc 2.2.7 34.16 254.18 288.34 OK
r-devel-linux-x86_64-fedora-clang 2.2.7 429.91 NOTE
r-devel-linux-x86_64-fedora-gcc 2.2.7 444.42 NOTE
r-devel-windows-x86_64-new-UL 2.2.7 83.00 365.00 448.00 OK
r-devel-windows-x86_64-new-TK 2.2.7 ERROR
r-patched-linux-x86_64 2.2.7 32.04 305.73 337.77 OK
r-release-linux-x86_64 2.2.7 30.54 302.77 333.31 OK
r-release-macos-arm64 2.2.7 NOTE
r-release-macos-x86_64 2.2.7 NOTE
r-release-windows-ix86+x86_64 2.2.7 77.00 370.00 447.00 OK
r-oldrel-macos-x86_64 2.2.7 ERROR
r-oldrel-windows-ix86+x86_64 2.2.7 71.00 313.00 384.00 OK

Check Details

Version: 2.2.7
Check: data for non-ASCII characters
Result: NOTE
     Note: found 2 marked UTF-8 strings
Flavors: r-devel-linux-x86_64-fedora-clang, r-devel-linux-x86_64-fedora-gcc, r-release-macos-arm64, r-release-macos-x86_64

Version: 2.2.7
Check: package dependencies
Result: ERROR
    Package required but not available: 'survminer'
    
    Packages suggested but not available for checking:
     'AnnoProbe', 'FactoMineR', 'factoextra', 'ggpubr'
    
    See section 'The DESCRIPTION file' in the 'Writing R Extensions'
    manual.
Flavor: r-devel-windows-x86_64-new-TK

Version: 2.2.7
Check: package dependencies
Result: ERROR
    Package required but not available: ‘clusterProfiler’
    
    See section ‘The DESCRIPTION file’ in the ‘Writing R Extensions’
    manual.
Flavor: r-oldrel-macos-x86_64