Last updated on 2023-01-28 17:51:25 CET.
Flavor | Version | Tinstall | Tcheck | Ttotal | Status | Flags |
---|---|---|---|---|---|---|
r-devel-linux-x86_64-debian-clang | 0.2.2 | 3.73 | 34.32 | 38.05 | NOTE | |
r-devel-linux-x86_64-debian-gcc | 0.2.2 | 2.91 | 27.14 | 30.05 | NOTE | |
r-devel-linux-x86_64-fedora-clang | 0.2.2 | 48.21 | NOTE | |||
r-devel-linux-x86_64-fedora-gcc | 0.2.2 | 47.23 | NOTE | |||
r-patched-linux-x86_64 | 0.2.2 | 4.54 | 31.78 | 36.32 | NOTE | |
r-release-linux-x86_64 | 0.2.2 | 3.78 | 32.12 | 35.90 | NOTE | |
r-release-macos-arm64 | 0.2.2 | 21.00 | NOTE | |||
r-release-macos-x86_64 | 0.2.2 | 25.00 | NOTE | |||
r-release-windows-x86_64 | 0.2.2 | 80.00 | 60.00 | 140.00 | NOTE | |
r-oldrel-macos-arm64 | 0.2.2 | 24.00 | NOTE | |||
r-oldrel-macos-x86_64 | 0.2.2 | 29.00 | NOTE | |||
r-oldrel-windows-ix86+x86_64 | 0.2.2 | 8.00 | 54.00 | 62.00 | NOTE |
Version: 0.2.2
Check: LazyData
Result: NOTE
'LazyData' is specified without a 'data' directory
Flavors: r-devel-linux-x86_64-debian-clang, r-devel-linux-x86_64-debian-gcc, r-devel-linux-x86_64-fedora-clang, r-devel-linux-x86_64-fedora-gcc, r-patched-linux-x86_64, r-release-linux-x86_64, r-release-macos-arm64, r-release-macos-x86_64, r-release-windows-x86_64, r-oldrel-macos-arm64, r-oldrel-macos-x86_64, r-oldrel-windows-ix86+x86_64