CRAN Package Check Results for Package tlemix

Last updated on 2022-05-19 09:53:26 CEST.

Flavor Version Tinstall Tcheck Ttotal Status Flags
r-devel-linux-x86_64-debian-clang 0.1.3 4.42 40.06 44.48 NOTE
r-devel-linux-x86_64-debian-gcc 0.1.3 3.27 31.80 35.07 NOTE
r-devel-linux-x86_64-fedora-clang 0.1.3 53.89 NOTE
r-devel-linux-x86_64-fedora-gcc 0.1.3 52.66 NOTE
r-devel-windows-x86_64 0.1.3 20.00 60.00 80.00 NOTE
r-patched-linux-x86_64 0.1.3 3.19 38.42 41.61 NOTE
r-release-linux-x86_64 0.1.3 3.77 39.11 42.88 NOTE
r-release-macos-arm64 0.1.3 17.00 NOTE
r-release-macos-x86_64 0.1.3 26.00 NOTE
r-release-windows-x86_64 0.1.3 20.00 63.00 83.00 NOTE
r-oldrel-macos-arm64 0.1.3 20.00 NOTE
r-oldrel-macos-x86_64 0.1.3 37.00 NOTE
r-oldrel-windows-ix86+x86_64 0.1.3 11.00 53.00 64.00 NOTE

Check Details

Version: 0.1.3
Check: R code for possible problems
Result: NOTE
    FLXmclust.Density: no visible global function definition for 'dmvnorm'
    FLXmclust.Estimate: no visible global function definition for 'flexmix'
    FLXmclust.Estimate: no visible global function definition for
     'FLXmclust'
    coefmclust: no visible global function definition for 'parameters'
    flexmix.Density: no visible global function definition for
     'model.matrix'
    flexmix.Density: no visible global function definition for
     'model.response'
    flexmix.Density: no visible global function definition for
     'model.frame'
    flexmix.Density: no visible global function definition for 'dnorm'
    flexmix.Density: no visible global function definition for 'dpois'
    flexmix.Density: no visible global function definition for 'dbinom'
    flexmix.Estimate: no visible global function definition for 'flexmix'
    flexmix.Estimate: no visible global function definition for 'FLXglm'
    tleplot,TLE-data.frame: no visible global function definition for
     'legend'
    Undefined global functions or variables:
     FLXglm FLXmclust dbinom dmvnorm dnorm dpois flexmix legend
     model.frame model.matrix model.response parameters
    Consider adding
     importFrom("graphics", "legend")
     importFrom("stats", "dbinom", "dnorm", "dpois", "model.frame",
     "model.matrix", "model.response")
    to your NAMESPACE file.
Flavors: r-devel-linux-x86_64-debian-clang, r-devel-linux-x86_64-debian-gcc, r-devel-linux-x86_64-fedora-clang, r-devel-linux-x86_64-fedora-gcc, r-devel-windows-x86_64, r-patched-linux-x86_64, r-release-linux-x86_64, r-release-macos-arm64, r-release-macos-x86_64, r-release-windows-x86_64, r-oldrel-macos-arm64, r-oldrel-macos-x86_64, r-oldrel-windows-ix86+x86_64

Version: 0.1.3
Check: Rd cross-references
Result: NOTE
    Undeclared package ‘modeltools’ in Rd xrefs
Flavor: r-devel-linux-x86_64-fedora-clang