Last updated on 2023-01-31 22:58:22 CET.
Flavor | Version | Tinstall | Tcheck | Ttotal | Status | Flags |
---|---|---|---|---|---|---|
r-devel-linux-x86_64-debian-clang | 1.1.8 | 2.53 | 28.23 | 30.76 | NOTE | |
r-devel-linux-x86_64-debian-gcc | 1.1.8 | 2.70 | 21.87 | 24.57 | NOTE | |
r-devel-linux-x86_64-fedora-clang | 1.1.8 | 41.38 | NOTE | |||
r-devel-linux-x86_64-fedora-gcc | 1.1.8 | 38.65 | NOTE | |||
r-devel-windows-x86_64 | 1.1.8 | 22.00 | 63.00 | 85.00 | NOTE | |
r-patched-linux-x86_64 | 1.1.8 | 3.57 | 26.87 | 30.44 | NOTE | |
r-release-linux-x86_64 | 1.1.8 | 3.04 | 28.04 | 31.08 | NOTE | |
r-release-macos-arm64 | 1.1.8 | 15.00 | NOTE | |||
r-release-macos-x86_64 | 1.1.8 | 21.00 | NOTE | |||
r-release-windows-x86_64 | 1.1.8 | 21.00 | 63.00 | 84.00 | NOTE | |
r-oldrel-macos-arm64 | 1.1.8 | 22.00 | NOTE | |||
r-oldrel-macos-x86_64 | 1.1.8 | 29.00 | NOTE | |||
r-oldrel-windows-ix86+x86_64 | 1.1.8 | 7.00 | 54.00 | 61.00 | NOTE |
Version: 1.1.8
Check: LazyData
Result: NOTE
'LazyData' is specified without a 'data' directory
Flavors: r-devel-linux-x86_64-debian-clang, r-devel-linux-x86_64-debian-gcc, r-devel-linux-x86_64-fedora-clang, r-devel-linux-x86_64-fedora-gcc, r-devel-windows-x86_64, r-patched-linux-x86_64, r-release-linux-x86_64, r-release-macos-arm64, r-release-macos-x86_64, r-release-windows-x86_64, r-oldrel-macos-arm64, r-oldrel-macos-x86_64, r-oldrel-windows-ix86+x86_64