CRAN Package Check Results for Package topicmodels

Last updated on 2021-12-04 14:52:18 CET.

Flavor Version Tinstall Tcheck Ttotal Status Flags
r-devel-linux-x86_64-debian-clang 0.2-12 12.76 138.08 150.84 NOTE
r-devel-linux-x86_64-debian-gcc 0.2-12 8.66 107.50 116.16 NOTE
r-devel-linux-x86_64-fedora-clang 0.2-12 200.03 NOTE
r-devel-linux-x86_64-fedora-gcc 0.2-12 178.39 NOTE
r-devel-windows-x86_64-new-UL 0.2-12 36.00 259.00 295.00 NOTE
r-devel-windows-x86_64-new-TK 0.2-12 NOTE
r-devel-windows-x86_64-old 0.2-12 25.00 179.00 204.00 NOTE
r-patched-linux-x86_64 0.2-12 11.26 119.47 130.73 NOTE
r-release-linux-x86_64 0.2-12 11.61 120.48 132.09 NOTE
r-release-macos-arm64 0.2-12 NOTE
r-release-macos-x86_64 0.2-12 NOTE
r-release-windows-ix86+x86_64 0.2-12 41.00 216.00 257.00 NOTE
r-oldrel-macos-x86_64 0.2-12 NOTE
r-oldrel-windows-ix86+x86_64 0.2-12 42.00 220.00 262.00 NOTE

Check Details

Version: 0.2-12
Check: package dependencies
Result: NOTE
    Package suggested but not available for checking: 'corpus.JSS.papers'
Flavors: r-devel-linux-x86_64-debian-clang, r-devel-linux-x86_64-debian-gcc, r-devel-linux-x86_64-fedora-clang, r-devel-linux-x86_64-fedora-gcc, r-devel-windows-x86_64-new-UL, r-devel-windows-x86_64-new-TK, r-devel-windows-x86_64-old, r-patched-linux-x86_64, r-release-linux-x86_64, r-release-macos-arm64, r-release-macos-x86_64, r-release-windows-ix86+x86_64, r-oldrel-macos-x86_64, r-oldrel-windows-ix86+x86_64