CRAN Package Check Results for Package topoDistance

Last updated on 2022-05-28 17:50:50 CEST.

Flavor Version Tinstall Tcheck Ttotal Status Flags
r-devel-linux-x86_64-debian-clang 1.0.1 35.28 418.25 453.53 OK
r-devel-linux-x86_64-debian-gcc 1.0.1 34.13 308.15 342.28 OK
r-devel-linux-x86_64-fedora-clang 1.0.1 548.12 NOTE
r-devel-linux-x86_64-fedora-gcc 1.0.1 537.71 NOTE
r-devel-windows-x86_64 1.0.1 51.00 419.00 470.00 OK
r-patched-linux-x86_64 1.0.1 31.38 402.28 433.66 OK
r-release-linux-x86_64 1.0.1 26.65 409.23 435.88 OK
r-release-macos-arm64 1.0.1 123.00 NOTE
r-release-macos-x86_64 1.0.1 223.00 NOTE
r-release-windows-x86_64 1.0.1 47.00 407.00 454.00 OK
r-oldrel-macos-arm64 1.0.1 95.00 NOTE
r-oldrel-macos-x86_64 1.0.1 167.00 NOTE
r-oldrel-windows-ix86+x86_64 1.0.1 85.00 408.00 493.00 OK

Check Details

Version: 1.0.1
Check: dependencies in R code
Result: NOTE
    Namespace in Imports field not imported from: ‘igraph’
     All declared Imports should be used.
Flavors: r-devel-linux-x86_64-fedora-clang, r-devel-linux-x86_64-fedora-gcc, r-release-macos-arm64, r-release-macos-x86_64, r-oldrel-macos-arm64, r-oldrel-macos-x86_64