CRAN Package Check Results for Package torchaudio

Last updated on 2022-05-17 19:04:58 CEST.

Flavor Version Tinstall Tcheck Ttotal Status Flags
r-devel-linux-x86_64-debian-clang 0.2.0 35.18 69.76 104.94 OK
r-devel-linux-x86_64-debian-gcc 0.2.0 26.10 54.15 80.25 OK
r-devel-linux-x86_64-fedora-clang 0.2.0 141.16 NOTE
r-devel-linux-x86_64-fedora-gcc 0.2.0 128.83 NOTE
r-devel-windows-x86_64 0.2.0 125.00 110.00 235.00 OK
r-patched-linux-x86_64 0.2.0 34.65 67.33 101.98 OK
r-release-linux-x86_64 0.2.0 29.59 68.56 98.15 OK
r-release-macos-arm64 0.2.0 39.00 NOTE
r-release-macos-x86_64 0.2.0 50.00 NOTE
r-release-windows-x86_64 0.2.0 141.00 116.00 257.00 OK
r-oldrel-macos-arm64 0.2.0 47.00 NOTE
r-oldrel-macos-x86_64 0.2.0 71.00 NOTE
r-oldrel-windows-ix86+x86_64 0.2.0 86.00 104.00 190.00 OK

Check Details

Version: 0.2.0
Check: dependencies in R code
Result: NOTE
    Namespaces in Imports field not imported from:
     ‘rappdirs’ ‘withr’
     All declared Imports should be used.
Flavors: r-devel-linux-x86_64-fedora-clang, r-devel-linux-x86_64-fedora-gcc, r-release-macos-arm64, r-release-macos-x86_64, r-oldrel-macos-arm64, r-oldrel-macos-x86_64