CRAN Package Check Results for Package torchvisionlib

Last updated on 2023-01-31 22:58:22 CET.

Flavor Version Tinstall Tcheck Ttotal Status Flags
r-devel-linux-x86_64-debian-clang 0.3.0 45.10 42.30 87.40 NOTE
r-devel-linux-x86_64-debian-gcc 0.3.0 29.06 32.90 61.96 NOTE
r-devel-linux-x86_64-fedora-clang 0.3.0 116.20 NOTE
r-devel-linux-x86_64-fedora-gcc 0.3.0 100.65 NOTE
r-devel-windows-x86_64 0.3.0 58.00 90.00 148.00 NOTE
r-patched-linux-x86_64 0.3.0 35.37 41.61 76.98 OK
r-release-linux-x86_64 0.3.0 33.94 42.54 76.48 OK
r-release-macos-arm64 0.3.0 40.00 OK
r-release-macos-x86_64 0.3.0 45.00 OK
r-release-windows-x86_64 0.3.0 64.00 101.00 165.00 OK
r-oldrel-macos-arm64 0.3.0 38.00 OK
r-oldrel-macos-x86_64 0.3.0 46.00 OK
r-oldrel-windows-ix86+x86_64 0.3.0 106.00 104.00 210.00 OK

Check Details

Version: 0.3.0
Check: C++ specification
Result: NOTE
     Specified C++11: please update to current default of C++17
Flavors: r-devel-linux-x86_64-debian-clang, r-devel-linux-x86_64-debian-gcc, r-devel-linux-x86_64-fedora-clang, r-devel-linux-x86_64-fedora-gcc, r-devel-windows-x86_64