CRAN Package Check Results for Package toxEval

Last updated on 2022-05-22 14:49:26 CEST.

Flavor Version Tinstall Tcheck Ttotal Status Flags
r-devel-linux-x86_64-debian-clang 1.2.0 20.01 203.53 223.54 NOTE
r-devel-linux-x86_64-debian-gcc 1.2.0 16.76 148.16 164.92 NOTE
r-devel-linux-x86_64-fedora-clang 1.2.0 257.29 NOTE
r-devel-linux-x86_64-fedora-gcc 1.2.0 251.81 NOTE
r-devel-windows-x86_64 1.2.0 49.00 256.00 305.00 NOTE
r-patched-linux-x86_64 1.2.0 18.67 190.22 208.89 NOTE
r-release-linux-x86_64 1.2.0 14.85 189.29 204.14 NOTE
r-release-macos-arm64 1.2.0 95.00 NOTE
r-release-macos-x86_64 1.2.0 165.00 NOTE
r-release-windows-x86_64 1.2.0 56.00 245.00 301.00 NOTE
r-oldrel-macos-arm64 1.2.0 133.00 NOTE
r-oldrel-macos-x86_64 1.2.0 176.00 NOTE
r-oldrel-windows-ix86+x86_64 1.2.0 39.00 240.00 279.00 NOTE

Check Details

Version: 1.2.0
Check: LazyData
Result: NOTE
     'LazyData' is specified without a 'data' directory
Flavors: r-devel-linux-x86_64-debian-clang, r-devel-linux-x86_64-debian-gcc, r-devel-linux-x86_64-fedora-clang, r-devel-linux-x86_64-fedora-gcc, r-devel-windows-x86_64, r-patched-linux-x86_64, r-release-linux-x86_64, r-release-macos-arm64, r-release-macos-x86_64, r-release-windows-x86_64, r-oldrel-macos-arm64, r-oldrel-macos-x86_64, r-oldrel-windows-ix86+x86_64