CRAN Package Check Results for Package trafo

Last updated on 2022-05-20 18:49:29 CEST.

Flavor Version Tinstall Tcheck Ttotal Status Flags
r-devel-linux-x86_64-debian-clang 1.0.1 7.05 66.75 73.80 NOTE
r-devel-linux-x86_64-debian-gcc 1.0.1 4.55 49.83 54.38 NOTE
r-devel-linux-x86_64-fedora-clang 1.0.1 87.17 NOTE
r-devel-linux-x86_64-fedora-gcc 1.0.1 84.35 NOTE
r-devel-windows-x86_64 1.0.1 35.00 81.00 116.00 NOTE
r-patched-linux-x86_64 1.0.1 7.84 63.03 70.87 NOTE
r-release-linux-x86_64 1.0.1 7.70 64.30 72.00 NOTE
r-release-macos-arm64 1.0.1 28.00 NOTE
r-release-macos-x86_64 1.0.1 39.00 NOTE
r-release-windows-x86_64 1.0.1 48.00 87.00 135.00 NOTE
r-oldrel-macos-arm64 1.0.1 32.00 NOTE
r-oldrel-macos-x86_64 1.0.1 51.00 NOTE
r-oldrel-windows-ix86+x86_64 1.0.1 13.00 79.00 92.00 NOTE

Check Details

Version: 1.0.1
Check: LazyData
Result: NOTE
     'LazyData' is specified without a 'data' directory
Flavors: r-devel-linux-x86_64-debian-clang, r-devel-linux-x86_64-debian-gcc, r-devel-linux-x86_64-fedora-clang, r-devel-linux-x86_64-fedora-gcc, r-devel-windows-x86_64, r-patched-linux-x86_64, r-release-linux-x86_64, r-release-macos-arm64, r-release-macos-x86_64, r-release-windows-x86_64, r-oldrel-macos-arm64, r-oldrel-macos-x86_64, r-oldrel-windows-ix86+x86_64