CRAN Package Check Results for Package tram

Last updated on 2022-01-24 07:50:05 CET.

Flavor Version Tinstall Tcheck Ttotal Status Flags
r-devel-linux-x86_64-debian-clang 0.6-4 12.88 257.45 270.33 OK
r-devel-linux-x86_64-debian-gcc 0.6-4 10.56 193.62 204.18 OK
r-devel-linux-x86_64-fedora-clang 0.6-4 327.59 OK
r-devel-linux-x86_64-fedora-gcc 0.6-4 317.79 OK
r-devel-windows-x86_64-new-UL 0.6-4 42.00 395.00 437.00 OK
r-devel-windows-x86_64-new-TK 0.6-4 NOTE
r-patched-linux-x86_64 0.6-4 13.56 236.52 250.08 OK
r-release-linux-x86_64 0.6-4 10.90 234.55 245.45 OK
r-release-macos-arm64 0.6-4 OK
r-release-macos-x86_64 0.6-4 OK
r-release-windows-ix86+x86_64 0.6-4 27.00 398.00 425.00 OK
r-oldrel-macos-x86_64 0.6-2 OK
r-oldrel-windows-ix86+x86_64 0.6-4 28.00 398.00 426.00 OK

Check Details

Version: 0.6-4
Check: package dependencies
Result: NOTE
    Packages suggested but not available for checking:
     'lme4', 'merDeriv', 'glmmsr'
Flavor: r-devel-windows-x86_64-new-TK