CRAN Package Check Results for Package transformr

Last updated on 2022-05-24 00:51:55 CEST.

Flavor Version Tinstall Tcheck Ttotal Status Flags
r-devel-linux-x86_64-debian-clang 0.1.3 37.31 74.16 111.47 NOTE
r-devel-linux-x86_64-debian-gcc 0.1.3 29.34 55.45 84.79 NOTE
r-devel-linux-x86_64-fedora-clang 0.1.3 148.83 NOTE
r-devel-linux-x86_64-fedora-gcc 0.1.3 127.36 NOTE
r-devel-windows-x86_64 0.1.3 48.00 114.00 162.00 NOTE
r-patched-linux-x86_64 0.1.3 29.63 71.09 100.72 NOTE
r-release-linux-x86_64 0.1.3 NOTE
r-release-macos-arm64 0.1.3 33.00 NOTE
r-release-macos-x86_64 0.1.3 50.00 NOTE
r-release-windows-x86_64 0.1.3 46.00 115.00 161.00 NOTE
r-oldrel-macos-arm64 0.1.3 44.00 NOTE
r-oldrel-macos-x86_64 0.1.3 71.00 NOTE
r-oldrel-windows-ix86+x86_64 0.1.3 98.00 122.00 220.00 NOTE

Check Details

Version: 0.1.3
Check: LazyData
Result: NOTE
     'LazyData' is specified without a 'data' directory
Flavors: r-devel-linux-x86_64-debian-clang, r-devel-linux-x86_64-debian-gcc, r-devel-linux-x86_64-fedora-clang, r-devel-linux-x86_64-fedora-gcc, r-devel-windows-x86_64, r-patched-linux-x86_64, r-release-linux-x86_64, r-release-macos-arm64, r-release-macos-x86_64, r-release-windows-x86_64, r-oldrel-macos-arm64, r-oldrel-macos-x86_64, r-oldrel-windows-ix86+x86_64