CRAN Package Check Results for Package transmdl

Last updated on 2022-01-29 08:50:34 CET.

Flavor Version Tinstall Tcheck Ttotal Status Flags
r-devel-linux-x86_64-debian-clang 0.1.0 41.46 47.43 88.89 OK
r-devel-linux-x86_64-debian-gcc 0.1.0 32.71 36.30 69.01 OK
r-devel-linux-x86_64-fedora-clang 0.1.0 135.67 NOTE
r-devel-linux-x86_64-fedora-gcc 0.1.0 113.02 OK
r-devel-windows-x86_64-new-UL 0.1.0 58.00 84.00 142.00 OK
r-devel-windows-x86_64-new-TK 0.1.0 OK
r-patched-linux-x86_64 0.1.0 OK
r-release-linux-x86_64 0.1.0 41.22 45.12 86.34 OK
r-release-macos-arm64 0.1.0 NOTE
r-release-macos-x86_64 0.1.0 NOTE
r-release-windows-ix86+x86_64 0.1.0 119.00 84.00 203.00 OK
r-oldrel-macos-x86_64 0.1.0 NOTE
r-oldrel-windows-ix86+x86_64 0.1.0 120.00 86.00 206.00 OK

Check Details

Version: 0.1.0
Check: installed package size
Result: NOTE
     installed size is 7.2Mb
     sub-directories of 1Mb or more:
     libs 7.0Mb
Flavors: r-devel-linux-x86_64-fedora-clang, r-release-macos-arm64, r-release-macos-x86_64, r-oldrel-macos-x86_64