Last updated on 2022-05-23 06:50:01 CEST.
Flavor | Version | Tinstall | Tcheck | Ttotal | Status | Flags |
---|---|---|---|---|---|---|
r-devel-linux-x86_64-debian-clang | 2.0-0 | 2.60 | 42.44 | 45.04 | NOTE | |
r-devel-linux-x86_64-debian-gcc | 2.0-0 | 2.14 | 32.71 | 34.85 | NOTE | |
r-devel-linux-x86_64-fedora-clang | 2.0-0 | 56.29 | NOTE | |||
r-devel-linux-x86_64-fedora-gcc | 2.0-0 | 45.06 | NOTE | |||
r-devel-windows-x86_64 | 2.0-0 | 16.00 | 79.00 | 95.00 | NOTE | |
r-patched-linux-x86_64 | 2.0-0 | 2.98 | 40.12 | 43.10 | NOTE | |
r-release-linux-x86_64 | 2.0-0 | NOTE | ||||
r-release-macos-arm64 | 2.0-0 | 22.00 | NOTE | |||
r-release-macos-x86_64 | 2.0-0 | 32.00 | NOTE | |||
r-release-windows-x86_64 | 2.0-0 | 13.00 | 81.00 | 94.00 | NOTE | |
r-oldrel-macos-arm64 | 2.0-0 | 30.00 | NOTE | |||
r-oldrel-macos-x86_64 | 2.0-0 | 42.00 | NOTE | |||
r-oldrel-windows-ix86+x86_64 | 2.0-0 | 7.00 | 68.00 | 75.00 | NOTE |
Version: 2.0-0
Check: R code for possible problems
Result: NOTE
rtrapezoid: no visible global function definition for 'runif'
Undefined global functions or variables:
runif
Consider adding
importFrom("stats", "runif")
to your NAMESPACE file.
Flavors: r-devel-linux-x86_64-debian-clang, r-devel-linux-x86_64-debian-gcc, r-devel-linux-x86_64-fedora-clang, r-devel-linux-x86_64-fedora-gcc, r-devel-windows-x86_64, r-patched-linux-x86_64, r-release-linux-x86_64, r-release-macos-arm64, r-release-macos-x86_64, r-release-windows-x86_64, r-oldrel-macos-arm64, r-oldrel-macos-x86_64, r-oldrel-windows-ix86+x86_64
Version: 2.0-0
Check: LazyData
Result: NOTE
'LazyData' is specified without a 'data' directory
Flavors: r-devel-linux-x86_64-debian-clang, r-devel-linux-x86_64-debian-gcc, r-devel-linux-x86_64-fedora-clang, r-devel-linux-x86_64-fedora-gcc, r-devel-windows-x86_64, r-patched-linux-x86_64, r-release-linux-x86_64, r-release-macos-arm64, r-release-macos-x86_64, r-release-windows-x86_64, r-oldrel-macos-arm64, r-oldrel-macos-x86_64, r-oldrel-windows-ix86+x86_64
Version: 2.0-0
Check: compiled code
Result: NOTE
File ‘trapezoid/libs/trapezoid.so’:
Found no calls to: ‘R_registerRoutines’, ‘R_useDynamicSymbols’
It is good practice to register native routines and to disable symbol
search.
See ‘Writing portable packages’ in the ‘Writing R Extensions’ manual.
Flavors: r-devel-linux-x86_64-fedora-clang, r-devel-linux-x86_64-fedora-gcc