CRAN Package Check Results for Package trendeval

Last updated on 2022-05-27 14:53:12 CEST.

Flavor Version Tinstall Tcheck Ttotal Status Flags
r-devel-linux-x86_64-debian-clang 0.0.1 2.42 86.85 89.27 NOTE
r-devel-linux-x86_64-debian-gcc 0.0.1 1.84 60.70 62.54 NOTE
r-devel-linux-x86_64-fedora-clang 0.0.1 101.87 NOTE
r-devel-linux-x86_64-fedora-gcc 0.0.1 91.86 NOTE
r-devel-windows-x86_64 0.0.1 10.00 93.00 103.00 NOTE
r-patched-linux-x86_64 0.0.1 1.80 82.92 84.72 NOTE
r-release-linux-x86_64 0.0.1 1.48 81.62 83.10 NOTE
r-release-macos-arm64 0.0.1 28.00 NOTE
r-release-macos-x86_64 0.0.1 46.00 NOTE
r-release-windows-x86_64 0.0.1 8.00 90.00 98.00 NOTE
r-oldrel-macos-arm64 0.0.1 34.00 NOTE
r-oldrel-macos-x86_64 0.0.1 50.00 NOTE
r-oldrel-windows-ix86+x86_64 0.0.1 7.00 100.00 107.00 NOTE

Check Details

Version: 0.0.1
Check: LazyData
Result: NOTE
     'LazyData' is specified without a 'data' directory
Flavors: r-devel-linux-x86_64-debian-clang, r-devel-linux-x86_64-debian-gcc, r-devel-linux-x86_64-fedora-clang, r-devel-linux-x86_64-fedora-gcc, r-devel-windows-x86_64, r-patched-linux-x86_64, r-release-linux-x86_64, r-release-macos-arm64, r-release-macos-x86_64, r-release-windows-x86_64, r-oldrel-macos-arm64, r-oldrel-macos-x86_64, r-oldrel-windows-ix86+x86_64