CRAN Package Check Results for Package trimmer

Last updated on 2022-05-19 00:53:04 CEST.

Flavor Version Tinstall Tcheck Ttotal Status Flags
r-devel-linux-x86_64-debian-clang 0.8.1 4.07 52.37 56.44 NOTE
r-devel-linux-x86_64-debian-gcc 0.8.1 2.86 39.62 42.48 NOTE
r-devel-linux-x86_64-fedora-clang 0.8.1 66.39 NOTE
r-devel-linux-x86_64-fedora-gcc 0.8.1 63.95 NOTE
r-devel-windows-x86_64 0.8.1 17.00 71.00 88.00 NOTE
r-patched-linux-x86_64 0.8.1 3.68 49.03 52.71 NOTE
r-release-linux-x86_64 0.8.1 3.71 50.12 53.83 NOTE
r-release-macos-arm64 0.8.1 23.00 NOTE
r-release-macos-x86_64 0.8.1 30.00 NOTE
r-release-windows-x86_64 0.8.1 15.00 74.00 89.00 NOTE
r-oldrel-macos-arm64 0.8.1 28.00 NOTE
r-oldrel-macos-x86_64 0.8.1 38.00 NOTE
r-oldrel-windows-ix86+x86_64 0.8.1 10.00 64.00 74.00 NOTE

Check Details

Version: 0.8.1
Check: LazyData
Result: NOTE
     'LazyData' is specified without a 'data' directory
Flavors: r-devel-linux-x86_64-debian-clang, r-devel-linux-x86_64-debian-gcc, r-devel-linux-x86_64-fedora-clang, r-devel-linux-x86_64-fedora-gcc, r-devel-windows-x86_64, r-patched-linux-x86_64, r-release-linux-x86_64, r-release-macos-arm64, r-release-macos-x86_64, r-release-windows-x86_64, r-oldrel-macos-arm64, r-oldrel-macos-x86_64, r-oldrel-windows-ix86+x86_64