CRAN Package Check Results for Package tsibbletalk

Last updated on 2022-05-24 06:50:56 CEST.

Flavor Version Tinstall Tcheck Ttotal Status Flags
r-devel-linux-x86_64-debian-clang 0.1.0 12.87 97.73 110.60 OK
r-devel-linux-x86_64-debian-gcc 0.1.0 10.47 72.20 82.67 OK
r-devel-linux-x86_64-fedora-clang 0.1.0 128.61 NOTE
r-devel-linux-x86_64-fedora-gcc 0.1.0 113.05 NOTE
r-devel-windows-x86_64 0.1.0 50.00 111.00 161.00 OK
r-patched-linux-x86_64 0.1.0 10.95 91.37 102.32 OK
r-release-linux-x86_64 0.1.0 OK
r-release-macos-arm64 0.1.0 35.00 NOTE
r-release-macos-x86_64 0.1.0 59.00 NOTE
r-release-windows-x86_64 0.1.0 48.00 112.00 160.00 OK
r-oldrel-macos-arm64 0.1.0 38.00 NOTE
r-oldrel-macos-x86_64 0.1.0 64.00 NOTE
r-oldrel-windows-ix86+x86_64 0.1.0 27.00 106.00 133.00 OK

Check Details

Version: 0.1.0
Check: dependencies in R code
Result: NOTE
    Namespaces in Imports field not imported from:
     ‘R6’ ‘crosstalk’
     All declared Imports should be used.
Flavors: r-devel-linux-x86_64-fedora-clang, r-devel-linux-x86_64-fedora-gcc, r-release-macos-arm64, r-release-macos-x86_64, r-oldrel-macos-arm64, r-oldrel-macos-x86_64