CRAN Package Check Results for Package ttScreening

Last updated on 2022-05-16 12:55:14 CEST.

Flavor Version Tinstall Tcheck Ttotal Status Flags
r-devel-linux-x86_64-debian-clang 1.6 0.41 11.86 12.27 ERROR
r-devel-linux-x86_64-debian-gcc 1.6 0.32 8.80 9.12 ERROR
r-devel-linux-x86_64-fedora-clang 1.6 367.97 OK
r-devel-linux-x86_64-fedora-gcc 1.6 382.83 OK
r-devel-windows-x86_64 1.6 35.00 255.00 290.00 OK
r-patched-linux-x86_64 1.6 31.22 264.07 295.29 OK
r-release-linux-x86_64 1.6 26.60 258.06 284.66 OK
r-release-macos-arm64 1.6 86.00 OK
r-release-macos-x86_64 1.6 123.00 OK
r-release-windows-x86_64 1.6 36.00 251.00 287.00 OK
r-oldrel-macos-arm64 1.6 100.00 OK
r-oldrel-macos-x86_64 1.6 187.00 OK
r-oldrel-windows-ix86+x86_64 1.6 64.00 249.00 313.00 OK

Check Details

Version: 1.6
Check: package dependencies
Result: ERROR
    Package required but not available: 'sva'
    
    See section 'The DESCRIPTION file' in the 'Writing R Extensions'
    manual.
Flavors: r-devel-linux-x86_64-debian-clang, r-devel-linux-x86_64-debian-gcc