Last updated on 2022-05-19 09:53:27 CEST.
Flavor | Version | Tinstall | Tcheck | Ttotal | Status | Flags |
---|---|---|---|---|---|---|
r-devel-linux-x86_64-debian-clang | 0.8.5.1 | 2.31 | 45.19 | 47.50 | NOTE | |
r-devel-linux-x86_64-debian-gcc | 0.8.5.1 | 2.05 | 36.88 | 38.93 | NOTE | |
r-devel-linux-x86_64-fedora-clang | 0.8.5.1 | 54.27 | NOTE | |||
r-devel-linux-x86_64-fedora-gcc | 0.8.5.1 | 50.39 | NOTE | |||
r-devel-windows-x86_64 | 0.8.5.1 | 10.00 | 60.00 | 70.00 | NOTE | |
r-patched-linux-x86_64 | 0.8.5.1 | 2.15 | 45.43 | 47.58 | NOTE | |
r-release-linux-x86_64 | 0.8.5.1 | 2.23 | 45.20 | 47.43 | NOTE | |
r-release-macos-arm64 | 0.8.5.1 | 15.00 | NOTE | |||
r-release-macos-x86_64 | 0.8.5.1 | 24.00 | NOTE | |||
r-release-windows-x86_64 | 0.8.5.1 | 11.00 | 61.00 | 72.00 | NOTE | |
r-oldrel-macos-arm64 | 0.8.5.1 | 20.00 | NOTE | |||
r-oldrel-macos-x86_64 | 0.8.5.1 | 36.00 | NOTE | |||
r-oldrel-windows-ix86+x86_64 | 0.8.5.1 | 5.00 | 53.00 | 58.00 | NOTE |
Version: 0.8.5.1
Check: DESCRIPTION meta-information
Result: NOTE
Malformed Title field: should not end in a period.
Flavors: r-devel-linux-x86_64-debian-clang, r-devel-linux-x86_64-debian-gcc, r-devel-linux-x86_64-fedora-clang, r-devel-linux-x86_64-fedora-gcc, r-devel-windows-x86_64, r-patched-linux-x86_64, r-release-linux-x86_64, r-release-macos-arm64, r-release-macos-x86_64, r-release-windows-x86_64, r-oldrel-macos-arm64, r-oldrel-macos-x86_64, r-oldrel-windows-ix86+x86_64
Version: 0.8.5.1
Check: R code for possible problems
Result: NOTE
ttwa: no visible global function definition for 'aggregate'
ttwa: no visible global function definition for 'txtProgressBar'
ttwa: no visible global function definition for 'setTxtProgressBar'
Undefined global functions or variables:
aggregate setTxtProgressBar txtProgressBar
Consider adding
importFrom("stats", "aggregate")
importFrom("utils", "setTxtProgressBar", "txtProgressBar")
to your NAMESPACE file.
Flavors: r-devel-linux-x86_64-debian-clang, r-devel-linux-x86_64-debian-gcc, r-devel-linux-x86_64-fedora-clang, r-devel-linux-x86_64-fedora-gcc, r-devel-windows-x86_64, r-patched-linux-x86_64, r-release-linux-x86_64, r-release-macos-arm64, r-release-macos-x86_64, r-release-windows-x86_64, r-oldrel-macos-arm64, r-oldrel-macos-x86_64, r-oldrel-windows-ix86+x86_64