CRAN Package Check Results for Package tuneRanger

Last updated on 2022-01-28 21:52:09 CET.

Flavor Version Tinstall Tcheck Ttotal Status Flags
r-devel-linux-x86_64-debian-clang 0.5 16.18 170.23 186.41 NOTE
r-devel-linux-x86_64-debian-gcc 0.5 13.03 127.56 140.59 NOTE
r-devel-linux-x86_64-fedora-clang 0.5 201.62 NOTE
r-devel-linux-x86_64-fedora-gcc 0.5 207.16 NOTE
r-devel-windows-x86_64-new-UL 0.5 38.00 181.00 219.00 NOTE
r-devel-windows-x86_64-new-TK 0.5 NOTE
r-patched-linux-x86_64 0.5 12.75 145.86 158.61 NOTE
r-release-linux-x86_64 0.5 9.00 145.38 154.38 NOTE
r-release-macos-arm64 0.5 NOTE
r-release-macos-x86_64 0.5 NOTE
r-release-windows-ix86+x86_64 0.5 32.00 162.00 194.00 NOTE
r-oldrel-macos-x86_64 0.5 OK
r-oldrel-windows-ix86+x86_64 0.5 32.00 165.00 197.00 OK

Check Details

Version: 0.5
Check: LazyData
Result: NOTE
     'LazyData' is specified without a 'data' directory
Flavors: r-devel-linux-x86_64-debian-clang, r-devel-linux-x86_64-debian-gcc, r-devel-linux-x86_64-fedora-clang, r-devel-linux-x86_64-fedora-gcc, r-devel-windows-x86_64-new-UL, r-devel-windows-x86_64-new-TK, r-patched-linux-x86_64, r-release-linux-x86_64, r-release-macos-arm64, r-release-macos-x86_64, r-release-windows-ix86+x86_64

Version: 0.5
Check: Rd cross-references
Result: NOTE
    Undeclared package ‘randomForest’ in Rd xrefs
Flavor: r-devel-linux-x86_64-fedora-clang