CRAN Package Check Results for Package tvthemes

Last updated on 2022-05-22 23:51:58 CEST.

Flavor Version Tinstall Tcheck Ttotal Status Flags
r-devel-linux-x86_64-debian-clang 1.3.0 8.20 116.00 124.20 OK
r-devel-linux-x86_64-debian-gcc 1.3.0 5.75 85.70 91.45 OK
r-devel-linux-x86_64-fedora-clang 1.3.0 143.33 NOTE
r-devel-linux-x86_64-fedora-gcc 1.3.0 128.59 OK
r-devel-windows-x86_64 1.3.0 84.00 145.00 229.00 NOTE
r-patched-linux-x86_64 1.3.0 8.76 107.62 116.38 OK
r-release-linux-x86_64 1.3.0 6.95 107.41 114.36 OK
r-release-macos-arm64 1.3.0 40.00 NOTE
r-release-macos-x86_64 1.3.0 70.00 NOTE
r-release-windows-x86_64 1.3.0 85.00 143.00 228.00 NOTE
r-oldrel-macos-arm64 1.3.0 44.00 NOTE
r-oldrel-macos-x86_64 1.3.0 56.00 NOTE
r-oldrel-windows-ix86+x86_64 1.3.0 24.00 127.00 151.00 NOTE

Check Details

Version: 1.3.0
Check: installed package size
Result: NOTE
     installed size is 6.1Mb
     sub-directories of 1Mb or more:
     doc 1.7Mb
     fonts 2.3Mb
     help 1.6Mb
Flavors: r-devel-linux-x86_64-fedora-clang, r-devel-windows-x86_64, r-release-macos-arm64, r-release-macos-x86_64, r-release-windows-x86_64, r-oldrel-macos-arm64, r-oldrel-macos-x86_64, r-oldrel-windows-ix86+x86_64

Version: 1.3.0
Check: Rd cross-references
Result: NOTE
    Undeclared package ‘rlang’ in Rd xrefs
Flavor: r-devel-linux-x86_64-fedora-clang