Last updated on 2022-05-16 13:50:29 CEST.
Flavor | Version | Tinstall | Tcheck | Ttotal | Status | Flags |
---|---|---|---|---|---|---|
r-devel-linux-x86_64-debian-clang | 1.0 | 11.12 | 716.82 | 727.94 | OK | |
r-devel-linux-x86_64-debian-gcc | 1.0 | 8.79 | 1075.46 | 1084.25 | OK | |
r-devel-linux-x86_64-fedora-clang | 1.0 | 759.62 | NOTE | |||
r-devel-linux-x86_64-fedora-gcc | 1.0 | 938.84 | OK | |||
r-devel-windows-x86_64 | 1.0 | 19.00 | 421.00 | 440.00 | OK | |
r-patched-linux-x86_64 | 1.0 | 14.62 | 969.88 | 984.50 | OK | |
r-release-linux-x86_64 | 1.0 | 8.15 | 918.74 | 926.89 | OK | |
r-release-macos-arm64 | 1.0 | 287.00 | OK | |||
r-release-macos-x86_64 | 1.0 | 459.00 | OK | |||
r-release-windows-x86_64 | 1.0 | 21.00 | 421.00 | 442.00 | OK | |
r-oldrel-macos-arm64 | 1.0 | 249.00 | OK | |||
r-oldrel-macos-x86_64 | 1.0 | 237.00 | OK | |||
r-oldrel-windows-ix86+x86_64 | 1.0 | 27.00 | 443.00 | 470.00 | OK |
Version: 1.0
Check: Rd cross-references
Result: NOTE
Undeclared package ‘twang’ in Rd xrefs
Flavor: r-devel-linux-x86_64-fedora-clang