Last updated on 2023-02-01 00:52:52 CET.
Flavor | Version | Tinstall | Tcheck | Ttotal | Status | Flags |
---|---|---|---|---|---|---|
r-devel-linux-x86_64-debian-clang | 0.1.0 | 2.39 | 26.78 | 29.17 | NOTE | |
r-devel-linux-x86_64-debian-gcc | 0.1.0 | 1.93 | 20.92 | 22.85 | NOTE | |
r-devel-linux-x86_64-fedora-clang | 0.1.0 | 37.50 | NOTE | |||
r-devel-linux-x86_64-fedora-gcc | 0.1.0 | 48.43 | NOTE | |||
r-devel-windows-x86_64 | 0.1.0 | 16.00 | 61.00 | 77.00 | NOTE | |
r-patched-linux-x86_64 | 0.1.0 | 2.13 | 24.91 | 27.04 | NOTE | |
r-release-linux-x86_64 | 0.1.0 | 2.11 | 25.66 | 27.77 | NOTE | |
r-release-macos-arm64 | 0.1.0 | 15.00 | NOTE | |||
r-release-macos-x86_64 | 0.1.0 | 22.00 | NOTE | |||
r-release-windows-x86_64 | 0.1.0 | 17.00 | 63.00 | 80.00 | NOTE | |
r-oldrel-macos-arm64 | 0.1.0 | 17.00 | NOTE | |||
r-oldrel-macos-x86_64 | 0.1.0 | 26.00 | NOTE | |||
r-oldrel-windows-ix86+x86_64 | 0.1.0 | 5.00 | 55.00 | 60.00 | NOTE |
Version: 0.1.0
Check: LazyData
Result: NOTE
'LazyData' is specified without a 'data' directory
Flavors: r-devel-linux-x86_64-debian-clang, r-devel-linux-x86_64-debian-gcc, r-devel-linux-x86_64-fedora-clang, r-devel-linux-x86_64-fedora-gcc, r-devel-windows-x86_64, r-patched-linux-x86_64, r-release-linux-x86_64, r-release-macos-arm64, r-release-macos-x86_64, r-release-windows-x86_64, r-oldrel-macos-arm64, r-oldrel-macos-x86_64, r-oldrel-windows-ix86+x86_64