CRAN Package Check Results for Package twilio

Last updated on 2022-05-17 00:51:24 CEST.

Flavor Version Tinstall Tcheck Ttotal Status Flags
r-devel-linux-x86_64-debian-clang 0.1.0 4.12 46.87 50.99 NOTE
r-devel-linux-x86_64-debian-gcc 0.1.0 3.11 36.24 39.35 NOTE
r-devel-linux-x86_64-fedora-clang 0.1.0 60.62 NOTE
r-devel-linux-x86_64-fedora-gcc 0.1.0 58.19 NOTE
r-devel-windows-x86_64 0.1.0 16.00 63.00 79.00 NOTE
r-patched-linux-x86_64 0.1.0 3.97 44.20 48.17 NOTE
r-release-linux-x86_64 0.1.0 3.47 44.67 48.14 NOTE
r-release-macos-arm64 0.1.0 16.00 NOTE
r-release-macos-x86_64 0.1.0 27.00 NOTE
r-release-windows-x86_64 0.1.0 13.00 63.00 76.00 NOTE
r-oldrel-macos-arm64 0.1.0 23.00 NOTE
r-oldrel-macos-x86_64 0.1.0 33.00 NOTE
r-oldrel-windows-ix86+x86_64 0.1.0 8.00 54.00 62.00 NOTE

Check Details

Version: 0.1.0
Check: LazyData
Result: NOTE
     'LazyData' is specified without a 'data' directory
Flavors: r-devel-linux-x86_64-debian-clang, r-devel-linux-x86_64-debian-gcc, r-devel-linux-x86_64-fedora-clang, r-devel-linux-x86_64-fedora-gcc, r-devel-windows-x86_64, r-patched-linux-x86_64, r-release-linux-x86_64, r-release-macos-arm64, r-release-macos-x86_64, r-release-windows-x86_64, r-oldrel-macos-arm64, r-oldrel-macos-x86_64, r-oldrel-windows-ix86+x86_64