CRAN Package Check Results for Package twinning

Last updated on 2024-03-01 06:52:59 CET.

Flavor Version Tinstall Tcheck Ttotal Status Flags
r-devel-linux-x86_64-debian-clang 1.0 22.34 29.24 51.58 NOTE
r-devel-linux-x86_64-debian-gcc 1.0 16.07 23.15 39.22 NOTE
r-devel-linux-x86_64-fedora-clang 1.0 71.38 NOTE
r-devel-linux-x86_64-fedora-gcc 1.0 67.47 NOTE
r-devel-windows-x86_64 1.0 18.00 71.00 89.00 NOTE
r-patched-linux-x86_64 1.0 21.37 28.90 50.27 NOTE
r-release-linux-x86_64 1.0 19.82 28.90 48.72 NOTE
r-release-macos-arm64 1.0 25.00 NOTE
r-release-macos-x86_64 1.0 37.00 NOTE
r-release-windows-x86_64 1.0 17.00 69.00 86.00 NOTE
r-oldrel-macos-arm64 1.0 25.00 OK
r-oldrel-windows-x86_64 1.0 23.00 70.00 93.00 OK

Check Details

Version: 1.0
Check: C++ specification
Result: NOTE Specified C++11: please drop specification unless essential Flavors: r-devel-linux-x86_64-debian-clang, r-devel-linux-x86_64-debian-gcc, r-devel-linux-x86_64-fedora-clang, r-devel-linux-x86_64-fedora-gcc, r-devel-windows-x86_64, r-patched-linux-x86_64, r-release-linux-x86_64, r-release-macos-arm64, r-release-macos-x86_64, r-release-windows-x86_64