Last updated on 2023-01-28 15:50:42 CET.
Flavor | Version | Tinstall | Tcheck | Ttotal | Status | Flags |
---|---|---|---|---|---|---|
r-devel-linux-x86_64-debian-clang | 1.0 | 21.56 | 29.12 | 50.68 | OK | |
r-devel-linux-x86_64-debian-gcc | 1.0 | 17.46 | 22.55 | 40.01 | NOTE | |
r-devel-linux-x86_64-fedora-clang | 1.0 | 70.99 | NOTE | |||
r-devel-linux-x86_64-fedora-gcc | 1.0 | 63.51 | NOTE | |||
r-patched-linux-x86_64 | 1.0 | 18.02 | 29.08 | 47.10 | OK | |
r-release-linux-x86_64 | 1.0 | 15.51 | 28.94 | 44.45 | OK | |
r-release-macos-arm64 | 1.0 | 21.00 | OK | |||
r-release-macos-x86_64 | 1.0 | 30.00 | OK | |||
r-release-windows-x86_64 | 1.0 | 26.00 | 81.00 | 107.00 | OK | |
r-oldrel-macos-arm64 | 1.0 | 21.00 | OK | |||
r-oldrel-macos-x86_64 | 1.0 | 30.00 | OK | |||
r-oldrel-windows-ix86+x86_64 | 1.0 | 56.00 | 77.00 | 133.00 | OK |
Version: 1.0
Check: C++ specification
Result: NOTE
Specified C++11: please update to current default of C++17
Flavors: r-devel-linux-x86_64-debian-gcc, r-devel-linux-x86_64-fedora-clang, r-devel-linux-x86_64-fedora-gcc