CRAN Package Check Results for Package ukgasapi

Last updated on 2024-03-01 06:52:59 CET.

Flavor Version Tinstall Tcheck Ttotal Status Flags
r-devel-linux-x86_64-debian-clang 0.21 2.16 24.04 26.20 NOTE
r-devel-linux-x86_64-debian-gcc 0.21 1.56 18.64 20.20 NOTE
r-devel-linux-x86_64-fedora-clang 0.21 33.02 NOTE
r-devel-linux-x86_64-fedora-gcc 0.21 43.20 NOTE
r-devel-windows-x86_64 0.21 3.00 41.00 44.00 NOTE
r-patched-linux-x86_64 0.21 2.29 23.35 25.64 NOTE
r-release-linux-x86_64 0.21 2.06 23.48 25.54 NOTE
r-release-macos-arm64 0.21 23.00 NOTE
r-release-macos-x86_64 0.21 39.00 NOTE
r-release-windows-x86_64 0.21 4.00 42.00 46.00 NOTE
r-oldrel-macos-arm64 0.21 15.00 NOTE
r-oldrel-windows-x86_64 0.21 4.00 45.00 49.00 NOTE

Check Details

Version: 0.21
Check: LazyData
Result: NOTE 'LazyData' is specified without a 'data' directory Flavors: r-devel-linux-x86_64-debian-clang, r-devel-linux-x86_64-debian-gcc, r-devel-linux-x86_64-fedora-clang, r-devel-linux-x86_64-fedora-gcc, r-devel-windows-x86_64, r-patched-linux-x86_64, r-release-linux-x86_64, r-release-macos-arm64, r-release-macos-x86_64, r-release-windows-x86_64, r-oldrel-macos-arm64, r-oldrel-windows-x86_64