Last updated on 2023-01-31 22:58:22 CET.
Flavor | Version | Tinstall | Tcheck | Ttotal | Status | Flags |
---|---|---|---|---|---|---|
r-devel-linux-x86_64-debian-clang | 0.21 | 2.24 | 24.10 | 26.34 | NOTE | |
r-devel-linux-x86_64-debian-gcc | 0.21 | 1.50 | 18.58 | 20.08 | NOTE | |
r-devel-linux-x86_64-fedora-clang | 0.21 | 33.08 | NOTE | |||
r-devel-linux-x86_64-fedora-gcc | 0.21 | 44.55 | NOTE | |||
r-devel-windows-x86_64 | 0.21 | 9.00 | 55.00 | 64.00 | NOTE | |
r-patched-linux-x86_64 | 0.21 | 2.27 | 23.78 | 26.05 | NOTE | |
r-release-linux-x86_64 | 0.21 | 1.84 | 23.49 | 25.33 | NOTE | |
r-release-macos-arm64 | 0.21 | 15.00 | NOTE | |||
r-release-macos-x86_64 | 0.21 | 24.00 | NOTE | |||
r-release-windows-x86_64 | 0.21 | 10.00 | 62.00 | 72.00 | NOTE | |
r-oldrel-macos-arm64 | 0.21 | 19.00 | NOTE | |||
r-oldrel-macos-x86_64 | 0.21 | 23.00 | NOTE | |||
r-oldrel-windows-ix86+x86_64 | 0.21 | 5.00 | 53.00 | 58.00 | NOTE |
Version: 0.21
Check: LazyData
Result: NOTE
'LazyData' is specified without a 'data' directory
Flavors: r-devel-linux-x86_64-debian-clang, r-devel-linux-x86_64-debian-gcc, r-devel-linux-x86_64-fedora-clang, r-devel-linux-x86_64-fedora-gcc, r-devel-windows-x86_64, r-patched-linux-x86_64, r-release-linux-x86_64, r-release-macos-arm64, r-release-macos-x86_64, r-release-windows-x86_64, r-oldrel-macos-arm64, r-oldrel-macos-x86_64, r-oldrel-windows-ix86+x86_64