CRAN Package Check Results for Package umx

Last updated on 2022-09-30 17:50:44 CEST.

Flavor Version Tinstall Tcheck Ttotal Status Flags
r-devel-linux-x86_64-debian-clang 4.15.1 45.65 339.59 385.24 OK
r-devel-linux-x86_64-debian-gcc 4.15.1 35.28 239.32 274.60 OK
r-devel-linux-x86_64-fedora-clang 4.15.1 495.59 NOTE
r-devel-linux-x86_64-fedora-gcc 4.15.1 471.10 OK
r-devel-windows-x86_64 4.15.1 138.00 518.00 656.00 NOTE
r-patched-linux-x86_64 4.15.1 54.38 294.45 348.83 OK
r-release-linux-x86_64 4.15.1 28.27 292.87 321.14 OK
r-release-macos-arm64 4.15.1 103.00 NOTE
r-release-macos-x86_64 4.15.1 141.00 NOTE
r-release-windows-x86_64 4.15.1 128.00 456.00 584.00 NOTE
r-oldrel-macos-arm64 4.15.1 93.00 NOTE
r-oldrel-macos-x86_64 4.15.1 141.00 NOTE
r-oldrel-windows-ix86+x86_64 4.15.1 81.00 440.00 521.00 NOTE

Check Details

Version: 4.15.1
Check: installed package size
Result: NOTE
     installed size is 5.8Mb
     sub-directories of 1Mb or more:
     help 4.3Mb
Flavors: r-devel-linux-x86_64-fedora-clang, r-devel-windows-x86_64, r-release-macos-arm64, r-release-macos-x86_64, r-release-windows-x86_64, r-oldrel-macos-arm64, r-oldrel-macos-x86_64, r-oldrel-windows-ix86+x86_64