Last updated on 2022-05-19 09:53:27 CEST.
Flavor | Version | Tinstall | Tcheck | Ttotal | Status | Flags |
---|---|---|---|---|---|---|
r-devel-linux-x86_64-debian-clang | 1.1.0 | 2.48 | 36.01 | 38.49 | OK | |
r-devel-linux-x86_64-debian-gcc | 1.1.0 | 1.87 | 27.55 | 29.42 | OK | |
r-devel-linux-x86_64-fedora-clang | 1.1.0 | 46.46 | NOTE | |||
r-devel-linux-x86_64-fedora-gcc | 1.1.0 | 49.05 | OK | |||
r-devel-windows-x86_64 | 1.1.0 | 10.00 | 50.00 | 60.00 | OK | |
r-patched-linux-x86_64 | 1.1.0 | 2.97 | 34.25 | 37.22 | OK | |
r-release-linux-x86_64 | 1.1.0 | 3.06 | 34.18 | 37.24 | OK | |
r-release-macos-arm64 | 1.1.0 | 17.00 | OK | |||
r-release-macos-x86_64 | 1.1.0 | 21.00 | OK | |||
r-release-windows-x86_64 | 1.1.0 | 10.00 | 49.00 | 59.00 | OK | |
r-oldrel-macos-arm64 | 1.1.0 | 20.00 | OK | |||
r-oldrel-macos-x86_64 | 1.1.0 | 22.00 | OK | |||
r-oldrel-windows-ix86+x86_64 | 1.1.0 | 7.00 | 44.00 | 51.00 | OK |
Version: 1.1.0
Check: Rd cross-references
Result: NOTE
Undeclared package ‘mirt’ in Rd xrefs
Flavor: r-devel-linux-x86_64-fedora-clang