Last updated on 2022-05-29 13:51:30 CEST.
Flavor | Version | Tinstall | Tcheck | Ttotal | Status | Flags |
---|---|---|---|---|---|---|
r-devel-linux-x86_64-debian-clang | 0.1.1 | 10.25 | 111.63 | 121.88 | NOTE | |
r-devel-linux-x86_64-debian-gcc | 0.1.1 | 9.31 | 83.18 | 92.49 | NOTE | |
r-devel-linux-x86_64-fedora-clang | 0.1.1 | 154.13 | NOTE | |||
r-devel-linux-x86_64-fedora-gcc | 0.1.1 | 130.69 | NOTE | |||
r-devel-windows-x86_64 | 0.1.1 | 35.00 | 126.00 | 161.00 | NOTE | |
r-patched-linux-x86_64 | 0.1.1 | 11.57 | 104.85 | 116.42 | NOTE | |
r-release-linux-x86_64 | 0.1.1 | 10.09 | 104.88 | 114.97 | NOTE | |
r-release-macos-arm64 | 0.1.1 | 41.00 | NOTE | |||
r-release-macos-x86_64 | 0.1.1 | 74.00 | NOTE | |||
r-release-windows-x86_64 | 0.1.1 | 29.00 | 127.00 | 156.00 | NOTE | |
r-oldrel-macos-arm64 | 0.1.1 | 45.00 | NOTE | |||
r-oldrel-macos-x86_64 | 0.1.1 | 77.00 | NOTE | |||
r-oldrel-windows-ix86+x86_64 | 0.1.1 | 27.00 | 116.00 | 143.00 | NOTE |
Version: 0.1.1
Check: LazyData
Result: NOTE
'LazyData' is specified without a 'data' directory
Flavors: r-devel-linux-x86_64-debian-clang, r-devel-linux-x86_64-debian-gcc, r-devel-linux-x86_64-fedora-clang, r-devel-linux-x86_64-fedora-gcc, r-devel-windows-x86_64, r-patched-linux-x86_64, r-release-linux-x86_64, r-release-macos-arm64, r-release-macos-x86_64, r-release-windows-x86_64, r-oldrel-macos-arm64, r-oldrel-macos-x86_64, r-oldrel-windows-ix86+x86_64