CRAN Package Check Results for Package us.census.geoheader

Last updated on 2022-05-18 17:50:10 CEST.

Flavor Version Tinstall Tcheck Ttotal Status Flags
r-devel-linux-x86_64-debian-clang 1.0.2 2.18 33.28 35.46 NOTE
r-devel-linux-x86_64-debian-gcc 1.0.2 1.73 26.05 27.78 NOTE
r-devel-linux-x86_64-fedora-clang 1.0.2 43.98 NOTE
r-devel-linux-x86_64-fedora-gcc 1.0.2 42.46 NOTE
r-devel-windows-x86_64 1.0.2 29.00 52.00 81.00 NOTE
r-patched-linux-x86_64 1.0.2 1.84 32.20 34.04 NOTE
r-release-linux-x86_64 1.0.2 1.79 31.88 33.67 NOTE
r-release-macos-arm64 1.0.2 14.00 NOTE
r-release-macos-x86_64 1.0.2 23.00 NOTE
r-release-windows-x86_64 1.0.2 36.00 51.00 87.00 NOTE
r-oldrel-macos-arm64 1.0.2 23.00 NOTE
r-oldrel-macos-x86_64 1.0.2 25.00 NOTE
r-oldrel-windows-ix86+x86_64 1.0.2 5.00 42.00 47.00 NOTE

Check Details

Version: 1.0.2
Check: LazyData
Result: NOTE
     'LazyData' is specified without a 'data' directory
Flavors: r-devel-linux-x86_64-debian-clang, r-devel-linux-x86_64-debian-gcc, r-devel-linux-x86_64-fedora-clang, r-devel-linux-x86_64-fedora-gcc, r-devel-windows-x86_64, r-patched-linux-x86_64, r-release-linux-x86_64, r-release-macos-arm64, r-release-macos-x86_64, r-release-windows-x86_64, r-oldrel-macos-arm64, r-oldrel-macos-x86_64, r-oldrel-windows-ix86+x86_64