CRAN Package Check Results for Package usedist

Last updated on 2024-05-19 12:54:03 CEST.

Flavor Version Tinstall Tcheck Ttotal Status Flags
r-devel-linux-x86_64-debian-clang 0.4.0 1.87 27.49 29.36 NOTE
r-devel-linux-x86_64-debian-gcc 0.4.0 1.82 20.79 22.61 NOTE
r-devel-linux-x86_64-fedora-clang 0.4.0 36.84 NOTE
r-devel-linux-x86_64-fedora-gcc 0.4.0 42.31 NOTE
r-devel-windows-x86_64 0.4.0 3.00 43.00 46.00 NOTE
r-patched-linux-x86_64 0.4.0 2.20 26.05 28.25 NOTE
r-release-linux-x86_64 0.4.0 2.19 26.58 28.77 NOTE
r-release-macos-arm64 0.4.0 15.00 NOTE
r-release-windows-x86_64 0.4.0 2.00 45.00 47.00 NOTE
r-oldrel-macos-arm64 0.4.0 17.00 NOTE
r-oldrel-macos-x86_64 0.4.0 23.00 NOTE
r-oldrel-windows-x86_64 0.4.0 3.00 46.00 49.00 NOTE

Check Details

Version: 0.4.0
Check: LazyData
Result: NOTE 'LazyData' is specified without a 'data' directory Flavors: r-devel-linux-x86_64-debian-clang, r-devel-linux-x86_64-debian-gcc, r-devel-linux-x86_64-fedora-clang, r-devel-linux-x86_64-fedora-gcc, r-devel-windows-x86_64, r-patched-linux-x86_64, r-release-linux-x86_64, r-release-macos-arm64, r-release-windows-x86_64, r-oldrel-macos-arm64, r-oldrel-macos-x86_64, r-oldrel-windows-x86_64