CRAN Package Check Results for Package usefun

Last updated on 2024-03-01 07:53:06 CET.

Flavor Version Tinstall Tcheck Ttotal Status Flags
r-devel-linux-x86_64-debian-clang 0.5.0 5.24 52.46 57.70 OK
r-devel-linux-x86_64-debian-gcc 0.5.0 4.48 38.96 43.44 OK
r-devel-linux-x86_64-fedora-clang 0.5.0 70.04 NOTE
r-devel-linux-x86_64-fedora-gcc 0.5.0 68.27 OK
r-devel-windows-x86_64 0.5.0 6.00 63.00 69.00 OK
r-patched-linux-x86_64 0.5.0 6.39 50.61 57.00 OK
r-release-linux-x86_64 0.5.0 4.04 50.41 54.45 OK
r-release-macos-arm64 0.5.0 29.00 OK
r-release-macos-x86_64 0.5.0 66.00 OK
r-release-windows-x86_64 0.5.0 8.00 72.00 80.00 OK
r-oldrel-macos-arm64 0.5.0 30.00 OK
r-oldrel-windows-x86_64 0.5.0 8.00 71.00 79.00 OK

Check Details

Version: 0.5.0
Check: Rd cross-references
Result: NOTE Undeclared package ‘pROC’ in Rd xrefs Flavor: r-devel-linux-x86_64-fedora-clang