CRAN Package Check Results for Package vaersNDvax

Last updated on 2022-05-17 02:53:24 CEST.

Flavor Version Tinstall Tcheck Ttotal Status Flags
r-devel-linux-x86_64-debian-clang 1.0.4 2.51 32.94 35.45 NOTE
r-devel-linux-x86_64-debian-gcc 1.0.4 2.43 25.57 28.00 NOTE
r-devel-linux-x86_64-fedora-clang 1.0.4 43.72 NOTE
r-devel-linux-x86_64-fedora-gcc 1.0.4 42.69 NOTE
r-devel-windows-x86_64 1.0.4 15.00 55.00 70.00 NOTE
r-patched-linux-x86_64 1.0.4 2.52 31.76 34.28 NOTE
r-release-linux-x86_64 1.0.4 2.44 30.86 33.30 NOTE
r-release-macos-arm64 1.0.4 17.00 NOTE
r-release-macos-x86_64 1.0.4 22.00 NOTE
r-release-windows-x86_64 1.0.4 16.00 54.00 70.00 NOTE
r-oldrel-macos-arm64 1.0.4 18.00 NOTE
r-oldrel-macos-x86_64 1.0.4 30.00 NOTE
r-oldrel-windows-ix86+x86_64 1.0.4 7.00 41.00 48.00 NOTE

Check Details

Version: 1.0.4
Check: package dependencies
Result: NOTE
    Packages suggested but not available for checking: 'vaers', 'vaersND'
Flavors: r-devel-linux-x86_64-debian-clang, r-devel-linux-x86_64-debian-gcc, r-devel-linux-x86_64-fedora-clang, r-devel-linux-x86_64-fedora-gcc, r-devel-windows-x86_64, r-patched-linux-x86_64, r-release-linux-x86_64, r-release-macos-arm64, r-release-macos-x86_64, r-release-windows-x86_64, r-oldrel-macos-arm64, r-oldrel-macos-x86_64, r-oldrel-windows-ix86+x86_64