CRAN Package Check Results for Package varband

Last updated on 2022-05-18 21:53:30 CEST.

Flavor Version Tinstall Tcheck Ttotal Status Flags
r-devel-linux-x86_64-debian-clang 0.9.0 37.01 72.82 109.83 NOTE
r-devel-linux-x86_64-debian-gcc 0.9.0 26.59 55.26 81.85 NOTE
r-devel-linux-x86_64-fedora-clang 0.9.0 142.16 NOTE
r-devel-linux-x86_64-fedora-gcc 0.9.0 132.34 NOTE
r-devel-windows-x86_64 0.9.0 37.00 111.00 148.00 NOTE
r-patched-linux-x86_64 0.9.0 29.93 66.87 96.80 NOTE
r-release-linux-x86_64 0.9.0 29.29 66.00 95.29 NOTE
r-release-macos-arm64 0.9.0 41.00 NOTE
r-release-macos-x86_64 0.9.0 55.00 NOTE
r-release-windows-x86_64 0.9.0 40.00 112.00 152.00 NOTE
r-oldrel-macos-arm64 0.9.0 41.00 NOTE
r-oldrel-macos-x86_64 0.9.0 86.00 NOTE
r-oldrel-windows-ix86+x86_64 0.9.0 86.00 137.00 223.00 NOTE

Check Details

Version: 0.9.0
Check: LazyData
Result: NOTE
     'LazyData' is specified without a 'data' directory
Flavors: r-devel-linux-x86_64-debian-clang, r-devel-linux-x86_64-debian-gcc, r-devel-linux-x86_64-fedora-clang, r-devel-linux-x86_64-fedora-gcc, r-devel-windows-x86_64, r-patched-linux-x86_64, r-release-linux-x86_64, r-release-macos-arm64, r-release-macos-x86_64, r-release-windows-x86_64, r-oldrel-macos-arm64, r-oldrel-macos-x86_64, r-oldrel-windows-ix86+x86_64

Version: 0.9.0
Check: compiled code
Result: NOTE
    File ‘varband/libs/varband.so’:
     Found no calls to: ‘R_registerRoutines’, ‘R_useDynamicSymbols’
    
    It is good practice to register native routines and to disable symbol
    search.
    
    See ‘Writing portable packages’ in the ‘Writing R Extensions’ manual.
Flavors: r-devel-linux-x86_64-fedora-clang, r-devel-linux-x86_64-fedora-gcc