CRAN Package Check Results for Package varsExplore

Last updated on 2022-05-27 13:52:00 CEST.

Flavor Version Tinstall Tcheck Ttotal Status Flags
r-devel-linux-x86_64-debian-clang 0.3.0 2.66 42.31 44.97 NOTE
r-devel-linux-x86_64-debian-gcc 0.3.0 2.24 32.45 34.69 NOTE
r-devel-linux-x86_64-fedora-clang 0.3.0 54.55 NOTE
r-devel-linux-x86_64-fedora-gcc 0.3.0 43.45 NOTE
r-devel-windows-x86_64 0.3.0 10.00 66.00 76.00 NOTE
r-patched-linux-x86_64 0.3.0 2.32 40.48 42.80 NOTE
r-release-linux-x86_64 0.3.0 1.73 40.17 41.90 NOTE
r-release-macos-arm64 0.3.0 31.00 NOTE
r-release-macos-x86_64 0.3.0 115.00 NOTE
r-release-windows-x86_64 0.3.0 11.00 66.00 77.00 NOTE
r-oldrel-macos-arm64 0.3.0 41.00 NOTE
r-oldrel-macos-x86_64 0.3.0 1803.00 NOTE
r-oldrel-windows-ix86+x86_64 0.3.0 8.00 56.00 64.00 NOTE

Check Details

Version: 0.3.0
Check: LazyData
Result: NOTE
     'LazyData' is specified without a 'data' directory
Flavors: r-devel-linux-x86_64-debian-clang, r-devel-linux-x86_64-debian-gcc, r-devel-linux-x86_64-fedora-clang, r-devel-linux-x86_64-fedora-gcc, r-devel-windows-x86_64, r-patched-linux-x86_64, r-release-linux-x86_64, r-release-macos-arm64, r-release-macos-x86_64, r-release-windows-x86_64, r-oldrel-macos-arm64, r-oldrel-macos-x86_64, r-oldrel-windows-ix86+x86_64

Version: 0.3.0
Check: dependencies in R code
Result: NOTE
    Namespace in Imports field not imported from: ‘rio’
     All declared Imports should be used.
Flavors: r-devel-linux-x86_64-fedora-clang, r-devel-linux-x86_64-fedora-gcc, r-release-macos-arm64, r-release-macos-x86_64, r-oldrel-macos-arm64, r-oldrel-macos-x86_64