CRAN Package Check Results for Package vasicek

Last updated on 2022-05-19 10:56:00 CEST.

Flavor Version Tinstall Tcheck Ttotal Status Flags
r-devel-linux-x86_64-debian-clang 0.0.3 1.73 33.30 35.03 NOTE
r-devel-linux-x86_64-debian-gcc 0.0.3 1.53 25.20 26.73 NOTE
r-devel-linux-x86_64-fedora-clang 0.0.3 42.67 NOTE
r-devel-linux-x86_64-fedora-gcc 0.0.3 41.58 NOTE
r-devel-windows-x86_64 0.0.3 15.00 47.00 62.00 NOTE
r-patched-linux-x86_64 0.0.3 2.19 31.81 34.00 NOTE
r-release-linux-x86_64 0.0.3 1.65 30.97 32.62 NOTE
r-release-macos-arm64 0.0.3 14.00 NOTE
r-release-macos-x86_64 0.0.3 20.00 NOTE
r-release-windows-x86_64 0.0.3 7.00 55.00 62.00 NOTE
r-oldrel-macos-arm64 0.0.3 17.00 NOTE
r-oldrel-macos-x86_64 0.0.3 26.00 NOTE
r-oldrel-windows-ix86+x86_64 0.0.3 5.00 42.00 47.00 NOTE

Check Details

Version: 0.0.3
Check: LazyData
Result: NOTE
     'LazyData' is specified without a 'data' directory
Flavors: r-devel-linux-x86_64-debian-clang, r-devel-linux-x86_64-debian-gcc, r-devel-linux-x86_64-fedora-clang, r-devel-linux-x86_64-fedora-gcc, r-devel-windows-x86_64, r-patched-linux-x86_64, r-release-linux-x86_64, r-release-macos-arm64, r-release-macos-x86_64, r-release-windows-x86_64, r-oldrel-macos-arm64, r-oldrel-macos-x86_64, r-oldrel-windows-ix86+x86_64