Last updated on 2022-05-29 02:49:13 CEST.
Flavor | Version | Tinstall | Tcheck | Ttotal | Status | Flags |
---|---|---|---|---|---|---|
r-devel-linux-x86_64-debian-clang | 0.1.7 | 15.54 | 128.97 | 144.51 | OK | |
r-devel-linux-x86_64-debian-gcc | 0.1.7 | 12.23 | 102.05 | 114.28 | OK | |
r-devel-linux-x86_64-fedora-clang | 0.1.7 | 167.65 | NOTE | |||
r-devel-linux-x86_64-fedora-gcc | 0.1.7 | 150.27 | NOTE | |||
r-devel-windows-x86_64 | 0.1.7 | 79.00 | 137.00 | 216.00 | OK | |
r-patched-linux-x86_64 | 0.1.7 | 19.84 | 123.51 | 143.35 | OK | |
r-release-linux-x86_64 | 0.1.7 | 12.42 | 123.64 | 136.06 | OK | |
r-release-macos-arm64 | 0.1.7 | 48.00 | NOTE | |||
r-release-macos-x86_64 | 0.1.7 | 82.00 | NOTE | |||
r-release-windows-x86_64 | 0.1.7 | 79.00 | 141.00 | 220.00 | OK | |
r-oldrel-macos-arm64 | 0.1.7 | 44.00 | NOTE | |||
r-oldrel-macos-x86_64 | 0.1.7 | 57.00 | NOTE | |||
r-oldrel-windows-ix86+x86_64 | 0.1.7 | 31.00 | 142.00 | 173.00 | OK |
Version: 0.1.7
Check: dependencies in R code
Result: NOTE
Namespace in Imports field not imported from: ‘knitr’
All declared Imports should be used.
Flavors: r-devel-linux-x86_64-fedora-clang, r-devel-linux-x86_64-fedora-gcc, r-release-macos-arm64, r-release-macos-x86_64, r-oldrel-macos-arm64, r-oldrel-macos-x86_64
Version: 0.1.7
Check: Rd cross-references
Result: NOTE
Undeclared package ‘stringdist’ in Rd xrefs
Flavor: r-devel-linux-x86_64-fedora-clang
Version: 0.1.7
Check: data for non-ASCII characters
Result: NOTE
Note: found 128 marked UTF-8 strings
Flavors: r-devel-linux-x86_64-fedora-clang, r-devel-linux-x86_64-fedora-gcc, r-release-macos-arm64, r-release-macos-x86_64, r-oldrel-macos-arm64, r-oldrel-macos-x86_64