CRAN Package Check Results for Package vindecodr

Last updated on 2022-05-18 06:50:57 CEST.

Flavor Version Tinstall Tcheck Ttotal Status Flags
r-devel-linux-x86_64-debian-clang 0.1.1 2.31 30.82 33.13 NOTE
r-devel-linux-x86_64-debian-gcc 0.1.1 1.82 23.99 25.81 NOTE
r-devel-linux-x86_64-fedora-clang 0.1.1 40.07 NOTE
r-devel-linux-x86_64-fedora-gcc 0.1.1 38.27 NOTE
r-devel-windows-x86_64 0.1.1 24.00 56.00 80.00 NOTE
r-patched-linux-x86_64 0.1.1 2.31 29.34 31.65 NOTE
r-release-linux-x86_64 0.1.1 1.99 29.69 31.68 NOTE
r-release-macos-arm64 0.1.1 13.00 NOTE
r-release-macos-x86_64 0.1.1 20.00 NOTE
r-release-windows-x86_64 0.1.1 22.00 45.00 67.00 NOTE
r-oldrel-macos-arm64 0.1.1 19.00 NOTE
r-oldrel-macos-x86_64 0.1.1 20.00 NOTE
r-oldrel-windows-ix86+x86_64 0.1.1 6.00 41.00 47.00 NOTE

Check Details

Version: 0.1.1
Check: LazyData
Result: NOTE
     'LazyData' is specified without a 'data' directory
Flavors: r-devel-linux-x86_64-debian-clang, r-devel-linux-x86_64-debian-gcc, r-devel-linux-x86_64-fedora-clang, r-devel-linux-x86_64-fedora-gcc, r-devel-windows-x86_64, r-patched-linux-x86_64, r-release-linux-x86_64, r-release-macos-arm64, r-release-macos-x86_64, r-release-windows-x86_64, r-oldrel-macos-arm64, r-oldrel-macos-x86_64, r-oldrel-windows-ix86+x86_64