Last updated on 2022-05-21 10:50:29 CEST.
Flavor | Version | Tinstall | Tcheck | Ttotal | Status | Flags |
---|---|---|---|---|---|---|
r-devel-linux-x86_64-debian-clang | 0.3.2 | 4.26 | 186.40 | 190.66 | NOTE | |
r-devel-linux-x86_64-debian-gcc | 0.3.2 | 2.62 | 132.73 | 135.35 | NOTE | |
r-devel-linux-x86_64-fedora-clang | 0.3.2 | 204.41 | NOTE | |||
r-devel-linux-x86_64-fedora-gcc | 0.3.2 | 214.30 | NOTE | |||
r-devel-windows-x86_64 | 0.3.2 | 26.00 | 203.00 | 229.00 | NOTE | |
r-patched-linux-x86_64 | 0.3.2 | 3.77 | 164.20 | 167.97 | NOTE | |
r-release-linux-x86_64 | 0.3.2 | 3.38 | 172.03 | 175.41 | NOTE | |
r-release-macos-arm64 | 0.3.2 | 60.00 | NOTE | |||
r-release-macos-x86_64 | 0.3.2 | 112.00 | NOTE | |||
r-release-windows-x86_64 | 0.3.2 | 27.00 | 197.00 | 224.00 | NOTE | |
r-oldrel-macos-arm64 | 0.3.2 | 68.00 | NOTE | |||
r-oldrel-macos-x86_64 | 0.3.2 | 121.00 | NOTE | |||
r-oldrel-windows-ix86+x86_64 | 0.3.2 | 11.00 | 191.00 | 202.00 | NOTE |
Version: 0.3.2
Check: LazyData
Result: NOTE
'LazyData' is specified without a 'data' directory
Flavors: r-devel-linux-x86_64-debian-clang, r-devel-linux-x86_64-debian-gcc, r-devel-linux-x86_64-fedora-clang, r-devel-linux-x86_64-fedora-gcc, r-devel-windows-x86_64, r-patched-linux-x86_64, r-release-linux-x86_64, r-release-macos-arm64, r-release-macos-x86_64, r-release-windows-x86_64, r-oldrel-macos-arm64, r-oldrel-macos-x86_64, r-oldrel-windows-ix86+x86_64
Version: 0.3.2
Check: Rd cross-references
Result: NOTE
Undeclared package ‘foreach’ in Rd xrefs
Flavor: r-devel-linux-x86_64-fedora-clang