CRAN Package Check Results for Package viridis

Last updated on 2022-01-21 13:52:02 CET.

Flavor Version Tinstall Tcheck Ttotal Status Flags
r-devel-linux-x86_64-debian-clang 0.6.2 4.57 82.37 86.94 OK
r-devel-linux-x86_64-debian-gcc 0.6.2 3.05 62.17 65.22 OK
r-devel-linux-x86_64-fedora-clang 0.6.2 106.37 NOTE
r-devel-linux-x86_64-fedora-gcc 0.6.2 91.16 NOTE
r-devel-windows-x86_64-new-UL 0.6.2 26.00 81.00 107.00 OK --no-vignettes
r-devel-windows-x86_64-new-TK 0.6.2 NOTE
r-patched-linux-x86_64 0.6.2 4.27 77.45 81.72 OK
r-release-linux-x86_64 0.6.2 3.58 74.98 78.56 OK
r-release-macos-arm64 0.6.2 NOTE
r-release-macos-x86_64 0.6.2 NOTE
r-release-windows-ix86+x86_64 0.6.2 14.00 71.00 85.00 OK --no-vignettes
r-oldrel-macos-x86_64 0.6.2 NOTE
r-oldrel-windows-ix86+x86_64 0.6.2 14.00 54.00 68.00 OK --no-vignettes

Check Details

Version: 0.6.2
Check: dependencies in R code
Result: NOTE
    Namespace in Imports field not imported from: ‘stats’
     All declared Imports should be used.
Flavors: r-devel-linux-x86_64-fedora-clang, r-devel-linux-x86_64-fedora-gcc, r-devel-windows-x86_64-new-TK, r-release-macos-arm64, r-release-macos-x86_64, r-oldrel-macos-x86_64