Last updated on 2022-05-28 04:55:07 CEST.
Flavor | Version | Tinstall | Tcheck | Ttotal | Status | Flags |
---|---|---|---|---|---|---|
r-devel-linux-x86_64-debian-clang | 2.1.0 | 2.30 | 44.34 | 46.64 | OK | |
r-devel-linux-x86_64-debian-gcc | 2.1.0 | 2.82 | 34.69 | 37.51 | OK | |
r-devel-linux-x86_64-fedora-clang | 2.1.0 | 56.95 | NOTE | |||
r-devel-linux-x86_64-fedora-gcc | 2.1.0 | 44.99 | OK | |||
r-devel-windows-x86_64 | 2.1.0 | 181.00 | 73.00 | 254.00 | NOTE | |
r-patched-linux-x86_64 | 2.1.0 | 2.79 | 42.15 | 44.94 | OK | |
r-release-linux-x86_64 | 2.1.0 | 2.91 | 42.23 | 45.14 | OK | |
r-release-macos-arm64 | 2.1.0 | 21.00 | NOTE | |||
r-release-macos-x86_64 | 2.1.0 | 27.00 | NOTE | |||
r-release-windows-x86_64 | 2.1.0 | 243.00 | 76.00 | 319.00 | NOTE | |
r-oldrel-macos-arm64 | 2.1.0 | 20.00 | NOTE | |||
r-oldrel-macos-x86_64 | 2.1.0 | 26.00 | NOTE | |||
r-oldrel-windows-ix86+x86_64 | 2.1.0 | 8.00 | 60.00 | 68.00 | NOTE |
Version: 2.1.0
Check: installed package size
Result: NOTE
installed size is 6.4Mb
sub-directories of 1Mb or more:
help 1.3Mb
htmlwidgets 5.0Mb
Flavors: r-devel-linux-x86_64-fedora-clang, r-devel-windows-x86_64, r-release-macos-arm64, r-release-macos-x86_64, r-release-windows-x86_64, r-oldrel-macos-arm64, r-oldrel-macos-x86_64, r-oldrel-windows-ix86+x86_64