CRAN Package Check Results for Package vistime

Last updated on 2023-03-28 03:54:18 CEST.

Flavor Version Tinstall Tcheck Ttotal Status Flags
r-devel-linux-x86_64-debian-clang 1.2.3 8.34 96.27 104.61 OK
r-devel-linux-x86_64-debian-gcc 1.2.3 6.76 72.85 79.61 OK
r-devel-linux-x86_64-fedora-clang 1.2.3 127.30 NOTE
r-devel-linux-x86_64-fedora-gcc 1.2.3 134.22 OK
r-patched-linux-x86_64 1.2.3 7.94 90.37 98.31 OK
r-release-linux-x86_64 1.2.3 6.99 93.90 100.89 OK
r-release-macos-arm64 1.2.3 52.00 NOTE
r-release-macos-x86_64 1.2.3 60.00 NOTE
r-release-windows-x86_64 1.2.3 29.00 159.00 188.00 NOTE
r-oldrel-macos-arm64 1.2.3 48.00 NOTE
r-oldrel-macos-x86_64 1.2.3 72.00 NOTE
r-oldrel-windows-ix86+x86_64 1.2.3 22.00 139.00 161.00 NOTE

Check Details

Version: 1.2.3
Check: installed package size
Result: NOTE
     installed size is 5.8Mb
     sub-directories of 1Mb or more:
     doc 5.5Mb
Flavors: r-devel-linux-x86_64-fedora-clang, r-release-macos-arm64, r-release-macos-x86_64, r-release-windows-x86_64, r-oldrel-macos-arm64, r-oldrel-macos-x86_64, r-oldrel-windows-ix86+x86_64

Version: 1.2.3
Check: dependencies in R code
Result: NOTE
    Initiating curl with CURL_SSL_BACKEND: openssl
Flavor: r-oldrel-windows-ix86+x86_64